CRAN Package Check Results for Package ADGofTest

Last updated on 2025-02-22 19:50:40 CET.

Flavor Version Tinstall Tcheck Ttotal Status Flags
r-devel-linux-x86_64-debian-clang 0.3 1.60 15.14 16.74 NOTE
r-devel-linux-x86_64-debian-gcc 0.3 1.40 12.25 13.65 NOTE
r-devel-linux-x86_64-fedora-gcc 0.3 27.76 NOTE
r-devel-macos-arm64 0.3 14.00 NOTE
r-devel-macos-x86_64 0.3 21.00 NOTE
r-devel-windows-x86_64 0.3 2.00 37.00 39.00 NOTE
r-patched-linux-x86_64 0.3 1.31 10.17 11.48 NOTE
r-release-linux-x86_64 0.3 1.47 9.98 11.45 NOTE
r-release-macos-arm64 0.3 20.00 NOTE
r-release-macos-x86_64 0.3 18.00 NOTE
r-release-windows-x86_64 0.3 3.00 43.00 46.00 NOTE
r-oldrel-macos-arm64 0.3 16.00 NOTE
r-oldrel-macos-x86_64 0.3 18.00 NOTE
r-oldrel-windows-x86_64 0.3 3.00 32.00 35.00 NOTE

Check Details

Version: 0.3
Check: DESCRIPTION meta-information
Result: NOTE Malformed Description field: should contain one or more complete sentences. Flavors: r-devel-linux-x86_64-debian-clang, r-devel-linux-x86_64-debian-gcc, r-devel-linux-x86_64-fedora-gcc, r-devel-macos-arm64, r-devel-macos-x86_64, r-devel-windows-x86_64, r-patched-linux-x86_64, r-release-linux-x86_64, r-release-macos-arm64, r-release-macos-x86_64, r-release-windows-x86_64, r-oldrel-macos-arm64, r-oldrel-macos-x86_64, r-oldrel-windows-x86_64