Last updated on 2025-11-11 07:51:23 CET.
| Flavor | Version | Tinstall | Tcheck | Ttotal | Status | Flags |
|---|---|---|---|---|---|---|
| r-devel-linux-x86_64-debian-clang | 0.3.7 | 10.40 | 102.13 | 112.53 | OK | |
| r-devel-linux-x86_64-debian-gcc | 0.3.7 | 6.74 | 70.57 | 77.31 | OK | |
| r-devel-linux-x86_64-fedora-clang | 0.3.7 | 23.00 | 149.76 | 172.76 | NOTE | |
| r-devel-linux-x86_64-fedora-gcc | 0.3.7 | 20.00 | 154.05 | 174.05 | NOTE | |
| r-devel-windows-x86_64 | 0.3.7 | 13.00 | 122.00 | 135.00 | OK | |
| r-patched-linux-x86_64 | 0.3.7 | 9.55 | 95.08 | 104.63 | OK | |
| r-release-linux-x86_64 | 0.3.7 | 10.04 | 95.14 | 105.18 | OK | |
| r-release-macos-arm64 | 0.3.7 | 4.00 | 51.00 | 55.00 | OK | |
| r-release-macos-x86_64 | 0.3.7 | 8.00 | 95.00 | 103.00 | OK | |
| r-release-windows-x86_64 | 0.3.7 | 13.00 | 110.00 | 123.00 | OK | |
| r-oldrel-macos-arm64 | 0.3.7 | 4.00 | 56.00 | 60.00 | OK | |
| r-oldrel-macos-x86_64 | 0.3.7 | 8.00 | 101.00 | 109.00 | OK | |
| r-oldrel-windows-x86_64 | 0.3.7 | 16.00 | 134.00 | 150.00 | OK |
Version: 0.3.7
Check: dependencies in R code
Result: NOTE
Namespaces in Imports field not imported from:
‘mFilter’ ‘regclass’ ‘writexl’
All declared Imports should be used.
Flavors: r-devel-linux-x86_64-fedora-clang, r-devel-linux-x86_64-fedora-gcc