Last updated on 2025-02-22 07:51:25 CET.
Flavor | Version | Tinstall | Tcheck | Ttotal | Status | Flags |
---|---|---|---|---|---|---|
r-devel-linux-x86_64-debian-clang | 2.3-3 | 74.37 | 342.20 | 416.57 | NOTE | |
r-devel-linux-x86_64-debian-gcc | 2.3-3 | 43.33 | 211.49 | 254.82 | NOTE | |
r-devel-linux-x86_64-fedora-clang | 2.3-3 | 727.74 | OK | |||
r-devel-linux-x86_64-fedora-gcc | 2.3-3 | 728.09 | OK | |||
r-devel-macos-arm64 | 2.3-3 | 147.00 | OK | |||
r-devel-macos-x86_64 | 2.3-3 | 350.00 | OK | |||
r-devel-windows-x86_64 | 2.3-3 | 67.00 | 314.00 | 381.00 | NOTE | |
r-patched-linux-x86_64 | 2.3-3 | 76.30 | 314.51 | 390.81 | OK | |
r-release-linux-x86_64 | 2.3-3 | 72.62 | 316.18 | 388.80 | OK | |
r-release-macos-arm64 | 2.3-3 | 142.00 | OK | |||
r-release-macos-x86_64 | 2.3-3 | 241.00 | OK | |||
r-release-windows-x86_64 | 2.3-3 | 68.00 | 320.00 | 388.00 | OK | |
r-oldrel-macos-arm64 | 2.3-3 | 150.00 | OK | |||
r-oldrel-macos-x86_64 | 2.3-3 | 383.00 | OK | |||
r-oldrel-windows-x86_64 | 2.3-3 | 94.00 | 409.00 | 503.00 | OK |
Version: 2.3-3
Check: Rd cross-references
Result: NOTE
Found the following Rd file(s) with Rd \link{} targets missing package
anchors:
AICcmodavg-package.Rd: xtable
Please provide package anchors for all Rd \link{} targets not in the
package itself and the base packages.
Flavors: r-devel-linux-x86_64-debian-clang, r-devel-linux-x86_64-debian-gcc, r-devel-windows-x86_64