Last updated on 2025-11-16 07:49:27 CET.
| Flavor | Version | Tinstall | Tcheck | Ttotal | Status | Flags |
|---|---|---|---|---|---|---|
| r-devel-linux-x86_64-debian-clang | 0.2 | 1.63 | 46.23 | 47.86 | NOTE | |
| r-devel-linux-x86_64-debian-gcc | 0.2 | 1.80 | 34.90 | 36.70 | NOTE | |
| r-devel-linux-x86_64-fedora-clang | 0.2 | 77.38 | OK | |||
| r-devel-linux-x86_64-fedora-gcc | 0.2 | 91.22 | OK | |||
| r-devel-windows-x86_64 | 0.2 | 6.00 | 69.00 | 75.00 | OK | |
| r-patched-linux-x86_64 | 0.2 | 2.30 | 46.86 | 49.16 | OK | |
| r-release-linux-x86_64 | 0.2 | 2.23 | 43.95 | 46.18 | OK | |
| r-release-macos-arm64 | 0.2 | 1.00 | 40.00 | 41.00 | OK | |
| r-release-macos-x86_64 | 0.2 | 3.00 | 62.00 | 65.00 | OK | |
| r-release-windows-x86_64 | 0.2 | 3.00 | 71.00 | 74.00 | OK | |
| r-oldrel-macos-arm64 | 0.2 | 1.00 | 31.00 | 32.00 | OK | |
| r-oldrel-macos-x86_64 | 0.2 | 2.00 | 46.00 | 48.00 | OK | |
| r-oldrel-windows-x86_64 | 0.2 | 5.00 | 82.00 | 87.00 | OK |
Version: 0.2
Check: CRAN incoming feasibility
Result: NOTE
Maintainer: ‘Livio Finos <livio.finos@unipd.it>’
No Authors@R field in DESCRIPTION.
Please add one, modifying
Authors@R: c(person(given = "Livio",
family = "Finos",
role = c("aut", "cre"),
email = "livio.finos@unipd.it"),
person(given = "Jelle",
family = "Goeman",
role = "aut"),
person(given = "Wouter",
family = "Weeda",
role = "aut"),
person(given = "Jonathan",
family = "Rosenblatt",
role = "aut"),
person(given = "Aldo",
family = "Solari",
role = "aut"))
as necessary.
Flavors: r-devel-linux-x86_64-debian-clang, r-devel-linux-x86_64-debian-gcc