CRAN Package Check Results for Package AcuityView

Last updated on 2025-02-22 07:51:25 CET.

Flavor Version Tinstall Tcheck Ttotal Status Flags
r-devel-linux-x86_64-debian-clang 0.1 4.45 34.55 39.00 NOTE
r-devel-linux-x86_64-debian-gcc 0.1 3.02 26.31 29.33 NOTE
r-devel-linux-x86_64-fedora-clang 0.1 63.26 NOTE
r-devel-linux-x86_64-fedora-gcc 0.1 60.97 NOTE
r-devel-macos-arm64 0.1 25.00 OK
r-devel-macos-x86_64 0.1 44.00 OK
r-devel-windows-x86_64 0.1 6.00 66.00 72.00 OK
r-patched-linux-x86_64 0.1 3.79 32.69 36.48 NOTE
r-release-linux-x86_64 0.1 4.38 32.56 36.94 NOTE
r-release-macos-arm64 0.1 24.00 NOTE
r-release-macos-x86_64 0.1 34.00 NOTE
r-release-windows-x86_64 0.1 6.00 59.00 65.00 NOTE
r-oldrel-macos-arm64 0.1 26.00 NOTE
r-oldrel-macos-x86_64 0.1 33.00 NOTE
r-oldrel-windows-x86_64 0.1 7.00 64.00 71.00 NOTE

Check Details

Version: 0.1
Check: for non-standard things in the check directory
Result: NOTE Found the following files/directories: ‘Example.jpeg’ Flavors: r-devel-linux-x86_64-debian-clang, r-devel-linux-x86_64-debian-gcc, r-devel-linux-x86_64-fedora-clang, r-devel-linux-x86_64-fedora-gcc, r-patched-linux-x86_64, r-release-linux-x86_64

Version: 0.1
Check: LazyData
Result: NOTE 'LazyData' is specified without a 'data' directory Flavors: r-patched-linux-x86_64, r-release-linux-x86_64, r-release-macos-arm64, r-release-macos-x86_64, r-release-windows-x86_64, r-oldrel-macos-arm64, r-oldrel-macos-x86_64, r-oldrel-windows-x86_64