Last updated on 2025-11-03 21:50:13 CET.
| Flavor | Version | Tinstall | Tcheck | Ttotal | Status | Flags | 
|---|---|---|---|---|---|---|
| r-devel-linux-x86_64-debian-clang | 1.1 | 9.29 | 69.24 | 78.53 | NOTE | |
| r-devel-linux-x86_64-debian-gcc | 1.1 | 7.71 | 53.86 | 61.57 | NOTE | |
| r-devel-linux-x86_64-fedora-clang | 1.1 | 19.00 | 97.29 | 116.29 | OK | |
| r-devel-linux-x86_64-fedora-gcc | 1.1 | 42.00 | 81.88 | 123.88 | OK | |
| r-devel-windows-x86_64 | 1.1 | 12.00 | 81.00 | 93.00 | OK | |
| r-patched-linux-x86_64 | 1.1 | 7.40 | 65.29 | 72.69 | OK | |
| r-release-linux-x86_64 | 1.1 | 8.37 | 66.23 | 74.60 | OK | |
| r-release-macos-arm64 | 1.1 | 5.00 | 35.00 | 40.00 | OK | |
| r-release-macos-x86_64 | 1.1 | 10.00 | 63.00 | 73.00 | OK | |
| r-release-windows-x86_64 | 1.1 | 12.00 | 76.00 | 88.00 | OK | |
| r-oldrel-macos-arm64 | 1.1 | 4.00 | 35.00 | 39.00 | OK | |
| r-oldrel-macos-x86_64 | 1.1 | 7.00 | 46.00 | 53.00 | OK | |
| r-oldrel-windows-x86_64 | 1.1 | 15.00 | 97.00 | 112.00 | OK | 
Version: 1.1
Check: CRAN incoming feasibility
Result: NOTE
  Maintainer: ‘Michal Burdukiewicz <michalburdukiewicz@gmail.com>’
  
  Package CITATION file contains call(s) to old-style citEntry().  Please
  use bibentry() instead.
  
  Found the following URLs which should use \doi (with the DOI name only):
    File ‘AmyloGram-package.Rd’:
      https://doi.org/10.1038/s41598-017-13210-9
Flavors: r-devel-linux-x86_64-debian-clang, r-devel-linux-x86_64-debian-gcc