CRAN Package Check Results for Package AntibodyForests

Last updated on 2025-02-21 19:50:20 CET.

Flavor Version Tinstall Tcheck Ttotal Status Flags
r-devel-linux-x86_64-debian-clang 1.0.0 10.85 118.70 129.55 NOTE
r-devel-linux-x86_64-debian-gcc 1.0.0 8.25 78.23 86.48 NOTE
r-devel-linux-x86_64-fedora-clang 1.0.0 230.25 NOTE
r-devel-linux-x86_64-fedora-gcc 1.0.0 229.14 NOTE
r-devel-macos-arm64 1.0.0 71.00 OK
r-devel-macos-x86_64 1.0.0 116.00 NOTE
r-devel-windows-x86_64 1.0.0 15.00 121.00 136.00 NOTE
r-patched-linux-x86_64 1.0.0 13.06 108.44 121.50 OK
r-release-linux-x86_64 1.0.0 9.91 109.03 118.94 OK
r-release-macos-arm64 1.0.0 74.00 OK
r-release-macos-x86_64 1.0.0 12.00 ERROR
r-release-windows-x86_64 1.0.0 15.00 121.00 136.00 OK
r-oldrel-macos-x86_64 1.0.0 11.00 ERROR
r-oldrel-windows-x86_64 1.0.0 1.00 14.00 15.00 ERROR

Check Details

Version: 1.0.0
Check: DESCRIPTION meta-information
Result: NOTE Missing dependency on R >= 4.1.0 because package code uses the pipe |> or function shorthand \(...) syntax added in R 4.1.0. File(s) using such syntax: ‘Af_edge_RMSD.R’ ‘VDJ_3d_properties.R’ Flavors: r-devel-linux-x86_64-debian-clang, r-devel-linux-x86_64-debian-gcc, r-devel-linux-x86_64-fedora-clang, r-devel-linux-x86_64-fedora-gcc, r-devel-macos-x86_64, r-devel-windows-x86_64

Version: 1.0.0
Check: package dependencies
Result: ERROR Package required but not available: ‘pwalign’ See section ‘The DESCRIPTION file’ in the ‘Writing R Extensions’ manual. Flavors: r-release-macos-x86_64, r-oldrel-windows-x86_64

Version: 1.0.0
Check: package dependencies
Result: ERROR Package required but not available: ‘pwalign’ Package suggested but not available for checking: ‘msa’ See section ‘The DESCRIPTION file’ in the ‘Writing R Extensions’ manual. Flavor: r-oldrel-macos-x86_64