Last updated on 2025-11-13 06:50:20 CET.
| Flavor | Version | Tinstall | Tcheck | Ttotal | Status | Flags |
|---|---|---|---|---|---|---|
| r-devel-linux-x86_64-debian-clang | 0.1.7 | 115.80 | 118.70 | 234.50 | OK | |
| r-devel-linux-x86_64-debian-gcc | 0.1.7 | 77.15 | 73.65 | 150.80 | OK | |
| r-devel-linux-x86_64-fedora-clang | 0.1.7 | 283.00 | 155.67 | 438.67 | OK | |
| r-devel-linux-x86_64-fedora-gcc | 0.1.7 | 411.00 | 5.16 | 416.16 | OK | |
| r-devel-windows-x86_64 | 0.1.7 | 140.00 | 145.00 | 285.00 | OK | |
| r-patched-linux-x86_64 | 0.1.7 | 115.18 | 112.39 | 227.57 | OK | |
| r-release-linux-x86_64 | 0.1.7 | 119.93 | 111.74 | 231.67 | OK | |
| r-release-macos-arm64 | 0.1.7 | 45.00 | 70.00 | 115.00 | OK | |
| r-release-macos-x86_64 | 0.1.7 | 68.00 | 146.00 | 214.00 | OK | |
| r-release-windows-x86_64 | 0.1.7 | 140.00 | 145.00 | 285.00 | OK | |
| r-oldrel-macos-arm64 | 0.1.7 | 51.00 | 76.00 | 127.00 | NOTE | |
| r-oldrel-macos-x86_64 | 0.1.7 | 60.00 | 129.00 | 189.00 | NOTE | |
| r-oldrel-windows-x86_64 | 0.1.7 | 167.00 | 174.00 | 341.00 | OK |
Version: 0.1.7
Check: installed package size
Result: NOTE
installed size is 6.5Mb
sub-directories of 1Mb or more:
libs 5.6Mb
Flavors: r-oldrel-macos-arm64, r-oldrel-macos-x86_64