CRAN Package Check Results for Package BSW

Last updated on 2025-02-22 07:51:26 CET.

Flavor Version Tinstall Tcheck Ttotal Status Flags
r-devel-linux-x86_64-debian-clang 0.1.1 5.98 60.73 66.71 OK
r-devel-linux-x86_64-debian-gcc 0.1.1 4.09 44.27 48.36 OK
r-devel-linux-x86_64-fedora-clang 0.1.1 109.44 OK
r-devel-linux-x86_64-fedora-gcc 0.1.1 112.34 OK
r-devel-macos-arm64 0.1.1 39.00 OK
r-devel-macos-x86_64 0.1.1 90.00 OK
r-devel-windows-x86_64 0.1.1 7.00 70.00 77.00 OK
r-patched-linux-x86_64 0.1.1 6.42 56.81 63.23 NOTE
r-release-linux-x86_64 0.1.1 6.04 55.73 61.77 NOTE
r-release-macos-arm64 0.1.1 39.00 NOTE
r-release-macos-x86_64 0.1.1 66.00 NOTE
r-release-windows-x86_64 0.1.1 6.00 71.00 77.00 NOTE
r-oldrel-macos-arm64 0.1.1 40.00 NOTE
r-oldrel-macos-x86_64 0.1.1 61.00 NOTE
r-oldrel-windows-x86_64 0.1.1 9.00 84.00 93.00 NOTE

Check Details

Version: 0.1.1
Check: LazyData
Result: NOTE 'LazyData' is specified without a 'data' directory Flavors: r-patched-linux-x86_64, r-release-linux-x86_64, r-release-macos-arm64, r-release-macos-x86_64, r-release-windows-x86_64, r-oldrel-macos-arm64, r-oldrel-macos-x86_64, r-oldrel-windows-x86_64