Last updated on 2025-02-21 06:49:35 CET.
Flavor | Version | Tinstall | Tcheck | Ttotal | Status | Flags |
---|---|---|---|---|---|---|
r-devel-linux-x86_64-debian-clang | 1.3.4 | 25.31 | 80.56 | 105.87 | NOTE | |
r-devel-linux-x86_64-debian-gcc | 1.3.4 | 20.60 | 58.20 | 78.80 | NOTE | |
r-devel-linux-x86_64-fedora-clang | 1.3.4 | 195.16 | NOTE | |||
r-devel-linux-x86_64-fedora-gcc | 1.3.4 | 194.88 | NOTE | |||
r-devel-macos-arm64 | 1.3.4 | 63.00 | NOTE | |||
r-devel-macos-x86_64 | 1.3.4 | 156.00 | NOTE | |||
r-devel-windows-x86_64 | 1.3.4 | 33.00 | 196.00 | 229.00 | NOTE | |
r-patched-linux-x86_64 | 1.3.4 | 31.51 | 74.28 | 105.79 | NOTE | |
r-release-linux-x86_64 | 1.3.4 | 29.50 | 73.98 | 103.48 | NOTE | |
r-release-macos-arm64 | 1.3.4 | 58.00 | NOTE | |||
r-release-macos-x86_64 | 1.3.4 | 151.00 | NOTE | |||
r-release-windows-x86_64 | 1.3.4 | 34.00 | 199.00 | 233.00 | NOTE | |
r-oldrel-macos-arm64 | 1.3.4 | 59.00 | NOTE | |||
r-oldrel-macos-x86_64 | 1.3.4 | 99.00 | NOTE | |||
r-oldrel-windows-x86_64 | 1.3.4 | 41.00 | 242.00 | 283.00 | NOTE |
Version: 1.3.4
Check: C++ specification
Result: NOTE
Specified C++11: please drop specification unless essential
Flavors: r-devel-linux-x86_64-debian-clang, r-devel-linux-x86_64-debian-gcc, r-devel-linux-x86_64-fedora-clang, r-devel-linux-x86_64-fedora-gcc, r-devel-macos-arm64, r-devel-macos-x86_64, r-devel-windows-x86_64, r-patched-linux-x86_64, r-release-linux-x86_64, r-release-macos-arm64, r-release-macos-x86_64, r-release-windows-x86_64, r-oldrel-macos-arm64, r-oldrel-macos-x86_64, r-oldrel-windows-x86_64
Version: 1.3.4
Check: installed package size
Result: NOTE
installed size is 6.3Mb
sub-directories of 1Mb or more:
data 1.6Mb
extdata 1.1Mb
libs 3.1Mb
Flavors: r-release-macos-arm64, r-release-macos-x86_64, r-oldrel-macos-arm64, r-oldrel-macos-x86_64