Last updated on 2025-02-22 07:51:27 CET.
Flavor | Version | Tinstall | Tcheck | Ttotal | Status | Flags |
---|---|---|---|---|---|---|
r-devel-linux-x86_64-debian-clang | 0.1.0 | 4.96 | 43.14 | 48.10 | NOTE | |
r-devel-linux-x86_64-debian-gcc | 0.1.0 | 3.99 | 32.19 | 36.18 | NOTE | |
r-devel-linux-x86_64-fedora-clang | 0.1.0 | 83.62 | NOTE | |||
r-devel-linux-x86_64-fedora-gcc | 0.1.0 | 72.74 | NOTE | |||
r-devel-macos-arm64 | 0.1.0 | 27.00 | OK | |||
r-devel-macos-x86_64 | 0.1.0 | 46.00 | NOTE | |||
r-devel-windows-x86_64 | 0.1.0 | 7.00 | 67.00 | 74.00 | NOTE | |
r-patched-linux-x86_64 | 0.1.0 | 5.25 | 40.36 | 45.61 | OK | |
r-release-linux-x86_64 | 0.1.0 | 5.05 | 40.20 | 45.25 | OK | |
r-release-macos-arm64 | 0.1.0 | 193.00 | OK | |||
r-release-macos-x86_64 | 0.1.0 | 212.00 | OK | |||
r-release-windows-x86_64 | 0.1.0 | 6.00 | 58.00 | 64.00 | OK | |
r-oldrel-macos-arm64 | 0.1.0 | 201.00 | OK | |||
r-oldrel-macos-x86_64 | 0.1.0 | 212.00 | OK | |||
r-oldrel-windows-x86_64 | 0.1.0 | 9.00 | 67.00 | 76.00 | OK |
Version: 0.1.0
Check: DESCRIPTION meta-information
Result: NOTE
Missing dependency on R >= 4.1.0 because package code uses the pipe
|> or function shorthand \(...) syntax added in R 4.1.0.
File(s) using such syntax:
‘long_est.R’
Flavors: r-devel-linux-x86_64-debian-clang, r-devel-linux-x86_64-debian-gcc, r-devel-linux-x86_64-fedora-clang, r-devel-linux-x86_64-fedora-gcc, r-devel-macos-x86_64, r-devel-windows-x86_64