Last updated on 2025-11-15 07:49:58 CET.
| Flavor | Version | Tinstall | Tcheck | Ttotal | Status | Flags |
|---|---|---|---|---|---|---|
| r-devel-linux-x86_64-debian-clang | 1.2.2 | 14.91 | 288.18 | 303.09 | OK | |
| r-devel-linux-x86_64-debian-gcc | 1.2.2 | 10.08 | 169.50 | 179.58 | OK | |
| r-devel-linux-x86_64-fedora-clang | 1.2.2 | 32.00 | 450.28 | 482.28 | NOTE | |
| r-devel-linux-x86_64-fedora-gcc | 1.2.2 | 34.00 | 449.86 | 483.86 | NOTE | |
| r-devel-windows-x86_64 | 1.2.2 | 19.00 | 231.00 | 250.00 | OK | |
| r-patched-linux-x86_64 | 1.2.2 | 13.80 | 274.13 | 287.93 | OK | |
| r-release-linux-x86_64 | 1.2.2 | 11.63 | 275.23 | 286.86 | OK | |
| r-release-macos-arm64 | 1.2.2 | 6.00 | 104.00 | 110.00 | OK | |
| r-release-macos-x86_64 | 1.2.2 | 10.00 | 230.00 | 240.00 | OK | |
| r-release-windows-x86_64 | 1.2.2 | 16.00 | 230.00 | 246.00 | OK | |
| r-oldrel-macos-arm64 | 1.2.2 | 6.00 | 94.00 | 100.00 | OK | |
| r-oldrel-macos-x86_64 | 1.2.2 | 8.00 | 167.00 | 175.00 | OK | |
| r-oldrel-windows-x86_64 | 1.2.2 | 22.00 | 333.00 | 355.00 | OK |
Version: 1.2.2
Check: dependencies in R code
Result: NOTE
Namespace in Imports field not imported from: ‘circlize’
All declared Imports should be used.
Flavors: r-devel-linux-x86_64-fedora-clang, r-devel-linux-x86_64-fedora-gcc