CRAN Package Check Results for Package COMIX

Last updated on 2025-04-17 06:50:31 CEST.

Flavor Version Tinstall Tcheck Ttotal Status Flags
r-devel-linux-x86_64-debian-clang 1.0.0 105.11 69.08 174.19 NOTE
r-devel-linux-x86_64-debian-gcc 1.0.0 82.86 48.88 131.74 NOTE
r-devel-linux-x86_64-fedora-clang 1.0.0 313.31 NOTE
r-devel-linux-x86_64-fedora-gcc 1.0.0 341.57 NOTE
r-devel-windows-x86_64 1.0.0 121.00 103.00 224.00 NOTE
r-patched-linux-x86_64 1.0.0 112.16 64.53 176.69 NOTE
r-release-linux-x86_64 1.0.0 112.52 64.08 176.60 NOTE
r-release-macos-arm64 1.0.0 74.00 NOTE
r-release-macos-x86_64 1.0.0 128.00 NOTE
r-release-windows-x86_64 1.0.0 121.00 107.00 228.00 NOTE
r-oldrel-macos-arm64 1.0.0 76.00 NOTE
r-oldrel-macos-x86_64 1.0.0 92.00 NOTE
r-oldrel-windows-x86_64 1.0.0 140.00 124.00 264.00 NOTE

Check Details

Version: 1.0.0
Check: C++ specification
Result: NOTE Specified C++11: please drop specification unless essential Flavors: r-devel-linux-x86_64-debian-clang, r-devel-linux-x86_64-debian-gcc, r-devel-linux-x86_64-fedora-clang, r-devel-linux-x86_64-fedora-gcc, r-devel-windows-x86_64, r-patched-linux-x86_64, r-release-linux-x86_64, r-release-macos-arm64, r-release-macos-x86_64, r-release-windows-x86_64, r-oldrel-macos-arm64, r-oldrel-macos-x86_64, r-oldrel-windows-x86_64

Version: 1.0.0
Check: installed package size
Result: NOTE installed size is 16.2Mb sub-directories of 1Mb or more: doc 1.8Mb libs 14.2Mb Flavors: r-oldrel-macos-arm64, r-oldrel-macos-x86_64