Last updated on 2025-11-12 19:51:45 CET.
| Flavor | Version | Tinstall | Tcheck | Ttotal | Status | Flags |
|---|---|---|---|---|---|---|
| r-devel-linux-x86_64-debian-clang | 0.4.0 | 9.58 | 86.65 | 96.23 | OK | |
| r-devel-linux-x86_64-debian-gcc | 0.4.0 | 6.57 | 61.34 | 67.91 | OK | |
| r-devel-linux-x86_64-fedora-clang | 0.4.0 | 20.00 | 133.81 | 153.81 | OK | |
| r-devel-linux-x86_64-fedora-gcc | 0.4.0 | 22.00 | 118.51 | 140.51 | OK | |
| r-devel-windows-x86_64 | 0.4.0 | 10.00 | 91.00 | 101.00 | OK | |
| r-patched-linux-x86_64 | 0.4.0 | 9.11 | 80.25 | 89.36 | OK | |
| r-release-linux-x86_64 | 0.4.0 | 9.14 | 80.57 | 89.71 | OK | |
| r-release-macos-arm64 | 0.4.0 | 5.00 | 84.00 | 89.00 | OK | |
| r-release-macos-x86_64 | 0.4.0 | 8.00 | 63.00 | 71.00 | OK | |
| r-release-windows-x86_64 | 0.4.0 | 11.00 | 88.00 | 99.00 | OK | |
| r-oldrel-macos-arm64 | 0.4.0 | 5.00 | 38.00 | 43.00 | NOTE | |
| r-oldrel-macos-x86_64 | 0.4.0 | 8.00 | 75.00 | 83.00 | NOTE | |
| r-oldrel-windows-x86_64 | 0.4.0 | 15.00 | 115.00 | 130.00 | NOTE |
Version: 0.4.0
Check: package dependencies
Result: NOTE
Depends: includes the non-default packages:
'combinat', 'matrixcalc', 'mvtnorm', 'expm', 'CompQuadForm',
'ggplot2'
Adding so many packages to the search path is excessive and importing
selectively is preferable.
Flavors: r-oldrel-macos-arm64, r-oldrel-macos-x86_64, r-oldrel-windows-x86_64