Last updated on 2025-11-11 07:51:27 CET.
| Flavor | Version | Tinstall | Tcheck | Ttotal | Status | Flags |
|---|---|---|---|---|---|---|
| r-devel-linux-x86_64-debian-clang | 1.9 | 13.71 | 105.07 | 118.78 | NOTE | |
| r-devel-linux-x86_64-debian-gcc | 1.9 | 10.42 | 77.68 | 88.10 | NOTE | |
| r-devel-linux-x86_64-fedora-clang | 1.9 | 34.00 | 159.01 | 193.01 | OK | |
| r-devel-linux-x86_64-fedora-gcc | 1.9 | 31.00 | 142.01 | 173.01 | OK | |
| r-devel-windows-x86_64 | 1.9 | 16.00 | 106.00 | 122.00 | OK | |
| r-patched-linux-x86_64 | 1.9 | 13.34 | 98.71 | 112.05 | OK | |
| r-release-linux-x86_64 | 1.9 | 13.71 | 97.34 | 111.05 | OK | |
| r-release-macos-arm64 | 1.9 | 6.00 | 38.00 | 44.00 | OK | |
| r-release-macos-x86_64 | 1.9 | 11.00 | 72.00 | 83.00 | OK | |
| r-release-windows-x86_64 | 1.9 | 17.00 | 102.00 | 119.00 | OK | |
| r-oldrel-macos-arm64 | 1.9 | 5.00 | 39.00 | 44.00 | OK | |
| r-oldrel-macos-x86_64 | 1.9 | 8.00 | 55.00 | 63.00 | OK | |
| r-oldrel-windows-x86_64 | 1.9 | 21.00 | 134.00 | 155.00 | OK |
Version: 1.9
Check: CRAN incoming feasibility
Result: NOTE
Maintainer: ‘Charles-Édouard Giguère <ce.giguere@gmail.com>’
No Authors@R field in DESCRIPTION.
Please add one, modifying
Authors@R: person(given = "Charles-Édouard",
family = "Giguère",
role = c("aut", "cre"),
email = "ce.giguere@gmail.com")
as necessary.
Flavors: r-devel-linux-x86_64-debian-clang, r-devel-linux-x86_64-debian-gcc