Last updated on 2025-04-29 18:50:38 CEST.
Flavor | Version | Tinstall | Tcheck | Ttotal | Status | Flags |
---|---|---|---|---|---|---|
r-devel-linux-x86_64-debian-clang | 1.3 | 12.88 | 119.07 | 131.95 | NOTE | |
r-devel-linux-x86_64-debian-gcc | 1.3 | 9.28 | 80.41 | 89.69 | NOTE | |
r-devel-linux-x86_64-fedora-clang | 1.3 | 183.97 | OK | |||
r-devel-linux-x86_64-fedora-gcc | 1.3 | 181.13 | OK | |||
r-devel-windows-x86_64 | 1.3 | 15.00 | 113.00 | 128.00 | NOTE | |
r-patched-linux-x86_64 | 1.3 | 12.58 | 107.42 | 120.00 | NOTE | |
r-release-linux-x86_64 | 1.3 | 11.59 | 108.26 | 119.85 | NOTE | |
r-release-macos-arm64 | 1.3 | 78.00 | OK | |||
r-release-macos-x86_64 | 1.3 | 120.00 | OK | |||
r-release-windows-x86_64 | 1.3 | 13.00 | 113.00 | 126.00 | NOTE | |
r-oldrel-macos-arm64 | 1.3 | 53.00 | OK | |||
r-oldrel-macos-x86_64 | 1.3 | 78.00 | OK | |||
r-oldrel-windows-x86_64 | 1.3 | 18.00 | 146.00 | 164.00 | OK |
Version: 1.3
Check: Rd cross-references
Result: NOTE
Found the following Rd file(s) with Rd \link{} targets missing package
anchors:
catpredi.Rd: mgcv
catpredi.survival.Rd: Surv
Please provide package anchors for all Rd \link{} targets not in the
package itself and the base packages.
Flavors: r-devel-linux-x86_64-debian-clang, r-devel-linux-x86_64-debian-gcc, r-devel-windows-x86_64, r-patched-linux-x86_64, r-release-linux-x86_64, r-release-windows-x86_64
Version: 1.3
Check: examples
Result: NOTE
Examples with CPU (user + system) or elapsed time > 5s
user system elapsed
comp.cutpoints.survival 5.103 0.024 7.263
comp.cutpoints 4.076 0.021 5.385
Flavor: r-devel-linux-x86_64-debian-clang