Last updated on 2025-10-21 18:49:43 CEST.
Flavor | Version | Tinstall | Tcheck | Ttotal | Status | Flags |
---|---|---|---|---|---|---|
r-devel-linux-x86_64-debian-clang | 0.12.2 | 17.29 | 199.54 | 216.83 | NOTE | |
r-devel-linux-x86_64-debian-gcc | 0.12.2 | 12.38 | 151.43 | 163.81 | NOTE | |
r-devel-linux-x86_64-fedora-clang | 0.12.2 | 45.00 | 275.55 | 320.55 | OK | |
r-devel-linux-x86_64-fedora-gcc | 0.12.2 | 51.00 | 320.92 | 371.92 | OK | |
r-devel-windows-x86_64 | 0.12.2 | 17.00 | 221.00 | 238.00 | OK | |
r-patched-linux-x86_64 | 0.12.2 | 16.53 | 191.58 | 208.11 | OK | |
r-release-linux-x86_64 | 0.12.2 | 14.12 | 192.56 | 206.68 | OK | |
r-release-macos-arm64 | 0.12.2 | 7.00 | 177.00 | 184.00 | OK | |
r-release-macos-x86_64 | 0.12.2 | 15.00 | 324.00 | 339.00 | OK | |
r-release-windows-x86_64 | 0.12.2 | 18.00 | 248.00 | 266.00 | OK | |
r-oldrel-macos-arm64 | 0.12.2 | 7.00 | 178.00 | 185.00 | OK | |
r-oldrel-macos-x86_64 | 0.12.2 | 16.00 | 310.00 | 326.00 | OK | |
r-oldrel-windows-x86_64 | 0.12.2 | 23.00 | 275.00 | 298.00 | OK |
Version: 0.12.2
Check: HTML version of manual
Result: NOTE
Found the following HTML validation problems:
CohortSubsetDefinition.html:337:1 (CohortSubsetDefinition.Rd:193): Warning: missing </ul> before </div>
CohortSubsetDefinition.html:128:1 (CohortSubsetDefinition.Rd:65): Warning: <h5> anchor "Usage" already defined
CohortSubsetDefinition.html:145:1 (CohortSubsetDefinition.Rd:76): Warning: <h5> anchor "Usage" already defined
CohortSubsetDefinition.html:162:1 (CohortSubsetDefinition.Rd:87): Warning: <h5> anchor "Usage" already defined
CohortSubsetDefinition.html:168:1 (CohortSubsetDefinition.Rd:91): Warning: <h5> anchor "Arguments" already defined
CohortSubsetDefinition.html:194:1 (CohortSubsetDefinition.Rd:107): Warning: <h5> anchor "Usage" already defined
CohortSubsetDefinition.html:200:1 (CohortSubsetDefinition.Rd:111): Warning: <h5> anchor "Arguments" already defined
CohortSubsetDefinition.html:222:1 (CohortSubsetDefinition.Rd:124): Warning: <h5> anchor "Usage" already defined
CohortSubsetDefinition.html:231:1 (CohortSubsetDefinition.Rd:131): Warning: <h5> anchor "Arguments" already defined
CohortSubsetDefinition.html:255:1 (CohortSubsetDefinition.Rd:146): Warning: <h5> anchor "Usage" already defined
CohortSubsetDefinition.html:261:1 (CohortSubsetDefinition.Rd:150): Warning: <h5> anchor "Arguments" already defined
CohortSubsetDefinition.html:283:1 (CohortSubsetDefinition.Rd:163): Warning: <h5> anchor "Usage" already defined
CohortSubsetDefinition.html:291:1 (CohortSubsetDefinition.Rd:169): Warning: <h5> anchor "Arguments" already defined
CohortSubsetDefinition.html:314:1 (CohortSubsetDefinition.Rd:182): Warning: <h5> anchor "Usage" already defined
CohortSubsetDefinition.html:320:1 (CohortSubsetDefinition.Rd:186): Warning: <h5> anchor "Arguments" already defined
CohortSubsetOperator.html:194:1 (CohortSubsetOperator.Rd:106): Warning: missing </ul> before </div>
CohortSubsetOperator.html:132:1 (CohortSubsetOperator.Rd:72): Warning: <h5> anchor "Usage" already defined
CohortSubsetOperator.html:148:1 (CohortSubsetOperator.Rd:82): Warning: <h5> anchor "Usage" already defined
CohortSubsetOperator.html:154:1 (CohortSubsetOperator.Rd:86): Warning: <h5> anchor "Returns" already defined
CohortSubsetOperator.html:171:1 (CohortSubsetOperator.Rd:95): Warning: <h5> anchor "Usage" already defined
CohortSubsetOperator.html:177:1 (CohortSubsetOperator.Rd:99): Warning: <h5> anchor "Arguments" already defined
DemographicSubsetOperator.html:306:1 (DemographicSubsetOperator.Rd:173): Warning: missing </ul> before </div>
DemographicSubsetOperator.html:133:1 (DemographicSubsetOperator.Rd:70): Warning: <h5> anchor "Usage" already defined
DemographicSubsetOperator.html:164:1 (DemographicSubsetOperator.Rd:89): Warning: <h5> anchor "Usage" already defined
DemographicSubsetOperator.html:187:1 (DemographicSubsetOperator.Rd:102): Warning: <h5> anchor "Usage" already defined
DemographicSubsetOperator.html:203:1 (DemographicSubsetOperator.Rd:112): Warning: <h5> anchor "Usage" already defined
DemographicSubsetOperator.html:209:1 (DemographicSubsetOperator.Rd:116): Warning: <h5> anchor "Arguments" already defined
DemographicSubsetOperator.html:233:1 (DemographicSubsetOperator.Rd:130): Warning: <h5> anchor "Usage" already defined
DemographicSubsetOperator.html:250:1 (DemographicSubsetOperator.Rd:141): Warning: <h5> anchor "Usage" already defined
DemographicSubsetOperator.html:267:1 (DemographicSubsetOperator.Rd:152): Warning: <h5> anchor "Usage" already defined
DemographicSubsetOperator.html:283:1 (DemographicSubsetOperator.Rd:162): Warning: <h5> anchor "Usage" already defined
DemographicSubsetOperator.html:289:1 (DemographicSubsetOperator.Rd:166): Warning: <h5> anchor "Arguments" already defined
LimitSubsetOperator.html:169:1 (LimitSubsetOperator.Rd:98): Warning: missing </ul> before </div>
LimitSubsetOperator.html:130:1 (LimitSubsetOperator.Rd:77): Warning: <h5> anchor "Usage" already defined
LimitSubsetOperator.html:146:1 (LimitSubsetOperator.Rd:87): Warning: <h5> anchor "Usage" already defined
SubsetCohortWindow.html:166:1 (SubsetCohortWindow.Rd:88): Warning: missing </ul> before </div>
SubsetCohortWindow.html:98:1 (SubsetCohortWindow.Rd:50): Warning: <h5> anchor "Usage" already defined
SubsetCohortWindow.html:114:1 (SubsetCohortWindow.Rd:60): Warning: <h5> anchor "Usage" already defined
SubsetCohortWindow.html:143:1 (SubsetCohortWindow.Rd:77): Warning: <h5> anchor "Usage" already defined
SubsetCohortWindow.html:149:1 (SubsetCohortWindow.Rd:81): Warning: <h5> anchor "Arguments" already defined
SubsetOperator.html:123:1 (SubsetOperator.Rd:63): Warning: <h5> anchor "Usage" already defined
SubsetOperator.html:140:1 (SubsetOperator.Rd:74): Warning: <h5> anchor "Usage" already defined
SubsetOperator.html:157:1 (SubsetOperator.Rd:85): Warning: <h5> anchor "Usage" already defined
SubsetOperator.html:163:1 (SubsetOperator.Rd:89): Warning: <h5> anchor "Arguments" already defined
SubsetOperator.html:187:1 (SubsetOperator.Rd:103): Warning: <h5> anchor "Usage" already defined
SubsetOperator.html:204:1 (SubsetOperator.Rd:114): Warning: <h5> anchor "Usage" already defined
SubsetOperator.html:210:1 (SubsetOperator.Rd:118): Warning: <h5> anchor "Arguments" already defined
SubsetOperator.html:235:1 (SubsetOperator.Rd:133): Warning: <h5> anchor "Usage" already defined
SubsetOperator.html:251:1 (SubsetOperator.Rd:143): Warning: <h5> anchor "Usage" already defined
SubsetOperator.html:257:1 (SubsetOperator.Rd:147): Warning: <h5> anchor "Returns" already defined
SubsetOperator.html:274:1 (SubsetOperator.Rd:156): Warning: <h5> anchor "Usage" already defined
SubsetOperator.html:280:1 (SubsetOperator.Rd:160): Warning: <h5> anchor "Arguments" already defined
addCohortSubsetDefinition.html:70:1 (addCohortSubsetDefinition.Rd:24): Warning: missing </ul> before </div>
createCohortSubsetDefinition.html:77:1 (createCohortSubsetDefinition.Rd:31): Warning: missing </ul> before </div>
createCohortTables.html:81:1 (createCohortTables.Rd:36): Warning: missing </ul> before </div>
createDemographicSubset.html:76:1 (createDemographicSubset.Rd:30): Warning: missing </ul> before </div>
createLimitSubset.html:87:1 (createLimitSubset.Rd:39): Warning: missing </ul> before </div>
dropCohortStatsTables.html:78:1 (dropCohortStatsTables.Rd:34): Warning: missing </ul> before </div>
exportCohortStatsTables.html:144:1 (exportCohortStatsTables.Rd:68): Warning: missing </ul> before </div>
getCohortInclusionRules.html:62:1 (getCohortInclusionRules.Rd:16): Warning: missing </ul> before </div>
getCohortStats.html:116:1 (getCohortStats.Rd:46): Warning: missing </ul> before </div>
migrateDataModel.html:57:1 (migrateDataModel.Rd:14): Warning: missing </ul> before </div>
recordTasksDone.html:61:1 (recordTasksDone.Rd:19): Warning: missing </ul> before </div>
saveCohortDefinitionSet.html:111:1 (saveCohortDefinitionSet.Rd:46): Warning: missing </ul> before </div>
saveCohortSubsetDefinition.html:53:1 (saveCohortSubsetDefinition.Rd:15): Warning: missing </ul> before </div>
saveIncremental.html:58:1 (saveIncremental.Rd:16): Warning: missing </ul> before </div>
uploadResults.html:84:1 (uploadResults.Rd:36): Warning: missing </ul> before </div>
Flavors: r-devel-linux-x86_64-debian-clang, r-devel-linux-x86_64-debian-gcc