Last updated on 2025-10-21 07:49:33 CEST.
Flavor | Version | Tinstall | Tcheck | Ttotal | Status | Flags |
---|---|---|---|---|---|---|
r-devel-linux-x86_64-debian-clang | 0.0.2 | 2.41 | 39.42 | 41.83 | OK | |
r-devel-linux-x86_64-debian-gcc | 0.0.2 | 1.71 | 30.41 | 32.12 | ERROR | |
r-devel-linux-x86_64-fedora-clang | 0.0.2 | 68.22 | OK | |||
r-devel-linux-x86_64-fedora-gcc | 0.0.2 | 75.00 | OK | |||
r-devel-windows-x86_64 | 0.0.2 | 5.00 | 62.00 | 67.00 | OK | |
r-patched-linux-x86_64 | 0.0.2 | 2.85 | 37.52 | 40.37 | OK | |
r-release-linux-x86_64 | 0.0.2 | 2.56 | 37.15 | 39.71 | OK | |
r-release-macos-arm64 | 0.0.2 | 41.00 | OK | |||
r-release-macos-x86_64 | 0.0.2 | 69.00 | OK | |||
r-release-windows-x86_64 | 0.0.2 | 7.00 | 78.00 | 85.00 | OK | |
r-oldrel-macos-arm64 | 0.0.2 | 45.00 | OK | |||
r-oldrel-macos-x86_64 | 0.0.2 | 78.00 | OK | |||
r-oldrel-windows-x86_64 | 0.0.2 | 7.00 | 73.00 | 80.00 | OK |
Version: 0.0.2
Check: re-building of vignette outputs
Result: ERROR
Error(s) in re-building vignettes:
...
--- re-building ‘download.Rmd’ using rmarkdown
Quitting from download.Rmd:169-172 [full-request]
~~~~~~~~~~~~~~~~~~~~~~~~~~~~~~~~~~~~~~~~~~~~~~~~~~~~~~~~~~~~~~~~~~~~~~~~~~~~~~~~
NULL
~~~~~~~~~~~~~~~~~~~~~~~~~~~~~~~~~~~~~~~~~~~~~~~~~~~~~~~~~~~~~~~~~~~~~~~~~~~~~~~~
Error: processing vignette 'download.Rmd' failed with diagnostics:
Failed to perform HTTP request.
Caused by error in `curl::curl_fetch_memory()`:
! Failure when receiving data from the peer [cds.climate.copernicus.eu]:
OpenSSL SSL_read: OpenSSL/3.5.4: error:0A000126:SSL routines::unexpected eof while reading, errno 0
--- failed re-building ‘download.Rmd’
SUMMARY: processing the following file failed:
‘download.Rmd’
Error: Vignette re-building failed.
Execution halted
Flavor: r-devel-linux-x86_64-debian-gcc