CRAN Package Check Results for Package Copula.Markov.survival

Last updated on 2025-04-29 06:49:39 CEST.

Flavor Version Tinstall Tcheck Ttotal Status Flags
r-devel-linux-x86_64-debian-clang 1.0.0 7.86 61.44 69.30 OK
r-devel-linux-x86_64-debian-gcc 1.0.0 5.91 45.53 51.44 NOTE
r-devel-linux-x86_64-fedora-clang 1.0.0 109.24 OK
r-devel-linux-x86_64-fedora-gcc 1.0.0 103.57 OK
r-devel-windows-x86_64 1.0.0 10.00 72.00 82.00 OK
r-patched-linux-x86_64 1.0.0 8.39 59.19 67.58 OK
r-release-linux-x86_64 1.0.0 8.72 59.35 68.07 OK
r-release-macos-arm64 1.0.0 36.00 OK
r-release-macos-x86_64 1.0.0 56.00 OK
r-release-windows-x86_64 1.0.0 10.00 71.00 81.00 OK
r-oldrel-macos-arm64 1.0.0 33.00 NOTE
r-oldrel-macos-x86_64 1.0.0 47.00 NOTE
r-oldrel-windows-x86_64 1.0.0 13.00 83.00 96.00 NOTE

Check Details

Version: 1.0.0
Check: CRAN incoming feasibility
Result: NOTE Maintainer: ‘Xin-Wei Huang <xinweihuang@hotmail.com>’ No Authors@R field in DESCRIPTION. Please add one, modifying Authors@R: c(person(given = "Xin-Wei", family = "Huang", role = c("aut", "cre"), email = "xinweihuang@hotmail.com"), person(given = "Takeshi", family = "Emura", role = "aut")) as necessary. Flavor: r-devel-linux-x86_64-debian-gcc

Version: 1.0.0
Check: LazyData
Result: NOTE 'LazyData' is specified without a 'data' directory Flavors: r-oldrel-macos-arm64, r-oldrel-macos-x86_64, r-oldrel-windows-x86_64