Last updated on 2025-10-31 19:58:08 CET.
| Flavor | Version | Tinstall | Tcheck | Ttotal | Status | Flags | 
|---|---|---|---|---|---|---|
| r-devel-linux-x86_64-debian-clang | 1.6.4 | 9.67 | 77.84 | 87.51 | NOTE | |
| r-devel-linux-x86_64-debian-gcc | 1.6.4 | 7.15 | 57.31 | 64.46 | NOTE | |
| r-devel-linux-x86_64-fedora-clang | 1.6.4 | 63.00 | 78.57 | 141.57 | OK | |
| r-devel-linux-x86_64-fedora-gcc | 1.6.4 | 19.00 | 103.82 | 122.82 | OK | |
| r-devel-windows-x86_64 | 1.6.4 | 10.00 | 90.00 | 100.00 | OK | |
| r-patched-linux-x86_64 | 1.6.4 | 8.74 | 74.41 | 83.15 | OK | |
| r-release-linux-x86_64 | 1.6.4 | 7.65 | 73.80 | 81.45 | OK | |
| r-release-macos-arm64 | 1.6.4 | 3.00 | 33.00 | 36.00 | OK | |
| r-release-macos-x86_64 | 1.6.4 | 6.00 | 54.00 | 60.00 | OK | |
| r-release-windows-x86_64 | 1.6.4 | 10.00 | 90.00 | 100.00 | OK | |
| r-oldrel-macos-arm64 | 1.6.4 | 3.00 | 30.00 | 33.00 | OK | |
| r-oldrel-macos-x86_64 | 1.6.4 | 5.00 | 53.00 | 58.00 | OK | |
| r-oldrel-windows-x86_64 | 1.6.4 | 12.00 | 106.00 | 118.00 | OK | 
Version: 1.6.4
Check: CRAN incoming feasibility
Result: NOTE
  Maintainer: ‘Ran Gao <rgao8@uic.edu>’
  
  No Authors@R field in DESCRIPTION.
  Please add one, modifying
    Authors@R: c(person(given = "Rawan",
                        family = "Allozi",
                        role = "aut"),
                 person(given = "Hakan",
                        family = "Demirtas",
                        role = "aut"),
                 person(given = "Ran",
                        family = "Gao",
                        role = c("aut", "cre"),
                        email = "rgao8@uic.edu"))
  as necessary.
Flavors: r-devel-linux-x86_64-debian-clang, r-devel-linux-x86_64-debian-gcc