Last updated on 2025-02-22 07:51:28 CET.
Flavor | Version | Tinstall | Tcheck | Ttotal | Status | Flags |
---|---|---|---|---|---|---|
r-devel-linux-x86_64-debian-clang | 1.4.9 | 3.78 | 31.40 | 35.18 | OK | |
r-devel-linux-x86_64-debian-gcc | 1.4.9 | 2.65 | 24.82 | 27.47 | OK | |
r-devel-linux-x86_64-fedora-clang | 1.4.9 | 54.16 | NOTE | |||
r-devel-linux-x86_64-fedora-gcc | 1.4.9 | 52.58 | NOTE | |||
r-devel-macos-arm64 | 1.4.9 | 23.00 | OK | |||
r-devel-macos-x86_64 | 1.4.9 | 35.00 | OK | |||
r-devel-windows-x86_64 | 1.4.9 | 7.00 | 52.00 | 59.00 | OK | |
r-patched-linux-x86_64 | 1.4.9 | 3.41 | 29.45 | 32.86 | OK | |
r-release-linux-x86_64 | 1.4.9 | 3.64 | 29.16 | 32.80 | OK | |
r-release-macos-arm64 | 1.4.9 | 24.00 | OK | |||
r-release-macos-x86_64 | 1.4.9 | 39.00 | OK | |||
r-release-windows-x86_64 | 1.4.9 | 7.00 | 52.00 | 59.00 | OK | |
r-oldrel-macos-arm64 | 1.4.9 | 27.00 | OK | |||
r-oldrel-macos-x86_64 | 1.4.9 | 43.00 | OK | |||
r-oldrel-windows-x86_64 | 1.4.9 | 8.00 | 57.00 | 65.00 | OK |
Version: 1.4.9
Check: dependencies in R code
Result: NOTE
Namespaces in Imports field not imported from:
‘DT’ ‘dplyr’ ‘geosphere’ ‘mapdata’ ‘maps’ ‘marmap’ ‘shinydashboard’
‘shinyjs’ ‘stringr’ ‘swfscDAS’
All declared Imports should be used.
Flavors: r-devel-linux-x86_64-fedora-clang, r-devel-linux-x86_64-fedora-gcc