Last updated on 2025-02-21 19:50:24 CET.
Flavor | Version | Tinstall | Tcheck | Ttotal | Status | Flags |
---|---|---|---|---|---|---|
r-devel-linux-x86_64-debian-clang | 5.2.2 | 68.79 | 102.07 | 170.86 | OK | |
r-devel-linux-x86_64-debian-gcc | 5.2.2 | 53.08 | 74.68 | 127.76 | OK | |
r-devel-linux-x86_64-fedora-clang | 5.2.2 | 297.46 | OK | |||
r-devel-linux-x86_64-fedora-gcc | 5.2.2 | 315.84 | OK | |||
r-devel-macos-arm64 | 5.2.2 | 81.00 | OK | |||
r-devel-macos-x86_64 | 5.2.2 | 172.00 | OK | |||
r-devel-windows-x86_64 | 5.2.2 | 77.00 | 153.00 | 230.00 | OK | |
r-patched-linux-x86_64 | 5.2.2 | 75.45 | 101.42 | 176.87 | OK | |
r-release-linux-x86_64 | 5.2.2 | 73.45 | 102.81 | 176.26 | OK | |
r-release-macos-arm64 | 5.2.2 | 79.00 | NOTE | |||
r-release-macos-x86_64 | 5.2.2 | 123.00 | NOTE | |||
r-release-windows-x86_64 | 5.2.2 | 79.00 | 148.00 | 227.00 | OK | |
r-oldrel-macos-arm64 | 5.2.2 | 80.00 | NOTE | |||
r-oldrel-macos-x86_64 | 5.2.2 | 203.00 | NOTE | |||
r-oldrel-windows-x86_64 | 5.2.2 | 97.00 | 194.00 | 291.00 | OK |
Version: 5.2.2
Check: installed package size
Result: NOTE
installed size is 7.8Mb
sub-directories of 1Mb or more:
libs 7.3Mb
Flavors: r-release-macos-arm64, r-release-macos-x86_64, r-oldrel-macos-arm64, r-oldrel-macos-x86_64