Last updated on 2025-10-22 21:50:01 CEST.
Flavor | Version | Tinstall | Tcheck | Ttotal | Status | Flags |
---|---|---|---|---|---|---|
r-devel-linux-x86_64-debian-clang | 0.1.2 | 32.64 | 46.77 | 79.41 | OK | |
r-devel-linux-x86_64-debian-gcc | 0.1.2 | 27.38 | 34.23 | 61.61 | OK | |
r-devel-linux-x86_64-fedora-clang | 0.1.2 | 54.00 | 76.02 | 130.02 | OK | |
r-devel-linux-x86_64-fedora-gcc | 0.1.2 | 71.00 | 84.20 | 155.20 | OK | |
r-devel-windows-x86_64 | 0.1.2 | 37.00 | 86.00 | 123.00 | OK | |
r-patched-linux-x86_64 | 0.1.2 | 36.87 | 45.11 | 81.98 | OK | |
r-release-linux-x86_64 | 0.1.2 | 35.64 | 45.06 | 80.70 | OK | |
r-release-macos-arm64 | 0.1.2 | 20.00 | 61.00 | 81.00 | OK | |
r-release-macos-x86_64 | 0.1.2 | 21.00 | 70.00 | 91.00 | OK | |
r-release-windows-x86_64 | 0.1.2 | 36.00 | 85.00 | 121.00 | OK | |
r-oldrel-macos-arm64 | 0.1.2 | 15.00 | 27.00 | 42.00 | NOTE | |
r-oldrel-macos-x86_64 | 0.1.2 | 15.00 | 57.00 | 72.00 | NOTE | |
r-oldrel-windows-x86_64 | 0.1.2 | 36.00 | 108.00 | 144.00 | OK |
Version: 0.1.2
Check: installed package size
Result: NOTE
installed size is 6.3Mb
sub-directories of 1Mb or more:
libs 5.7Mb
Flavors: r-oldrel-macos-arm64, r-oldrel-macos-x86_64