Last updated on 2025-10-31 19:58:09 CET.
| Flavor | Version | Tinstall | Tcheck | Ttotal | Status | Flags | 
|---|---|---|---|---|---|---|
| r-devel-linux-x86_64-debian-clang | 1.0.0 | 7.52 | 74.36 | 81.88 | NOTE | |
| r-devel-linux-x86_64-debian-gcc | 1.0.0 | 4.64 | 50.30 | 54.94 | NOTE | |
| r-devel-linux-x86_64-fedora-clang | 1.0.0 | 15.00 | 116.23 | 131.23 | OK | |
| r-devel-linux-x86_64-fedora-gcc | 1.0.0 | 15.00 | 111.92 | 126.92 | OK | |
| r-devel-windows-x86_64 | 1.0.0 | 8.00 | 97.00 | 105.00 | OK | |
| r-patched-linux-x86_64 | 1.0.0 | 6.86 | 70.81 | 77.67 | OK | |
| r-release-linux-x86_64 | 1.0.0 | 7.18 | 69.92 | 77.10 | OK | |
| r-release-macos-arm64 | 1.0.0 | 3.00 | 35.00 | 38.00 | OK | |
| r-release-macos-x86_64 | 1.0.0 | 5.00 | 63.00 | 68.00 | OK | |
| r-release-windows-x86_64 | 1.0.0 | 8.00 | 98.00 | 106.00 | OK | |
| r-oldrel-macos-arm64 | 1.0.0 | 3.00 | 32.00 | 35.00 | OK | |
| r-oldrel-macos-x86_64 | 1.0.0 | 5.00 | 51.00 | 56.00 | OK | |
| r-oldrel-windows-x86_64 | 1.0.0 | 11.00 | 116.00 | 127.00 | OK | 
Version: 1.0.0
Check: CRAN incoming feasibility
Result: NOTE
  Maintainer: ‘Sang Kyu Lee <lsk0816@gmail.com>’
  
  No Authors@R field in DESCRIPTION.
  Please add one, modifying
    Authors@R: c(person(given = c("Sang", "Kyu"),
                        family = "Lee",
                        role = c("aut", "cre"),
                        email = "lsk0816@gmail.com"),
                 person(given = "Adelchi",
                        family = "Azzalini",
                        role = "aut",
                        email = "adelchi.azzalini@unipd.it"),
                 person(given = "Hyoung-Moon",
                        family = "Kim",
                        role = "aut",
                        email = "hmk966a@gmail.com"))
  as necessary.
  
  Package CITATION file contains call(s) to old-style personList() or
  as.personList().  Please use c() on person objects instead.
  Package CITATION file contains call(s) to old-style citEntry().  Please
  use bibentry() instead.
  
  Found the following URLs which should use \doi (with the DOI name only):
    File ‘CreditMDR.Rd’:
      https://doi.org/10.1007/s10260-018-0427-1
    File ‘DiSSMod.Rd’:
      https://doi.org/10.1007/s10260-018-0427-1
    File ‘DoctorRWM.Rd’:
      https://doi.org/10.1002/jae.680
      https://doi.org/10.1007/s10260-018-0427-1
Flavors: r-devel-linux-x86_64-debian-clang, r-devel-linux-x86_64-debian-gcc