CRAN Package Check Results for Package Distance

Last updated on 2025-07-05 18:49:08 CEST.

Flavor Version Tinstall Tcheck Ttotal Status Flags
r-devel-linux-x86_64-debian-clang 2.0.0 13.20 183.72 196.92 NOTE
r-devel-linux-x86_64-debian-gcc 2.0.0 10.03 122.16 132.19 NOTE
r-devel-linux-x86_64-fedora-clang 2.0.0 315.57 NOTE
r-devel-linux-x86_64-fedora-gcc 2.0.0 323.15 NOTE
r-devel-windows-x86_64 2.0.0 15.00 173.00 188.00 NOTE
r-patched-linux-x86_64 2.0.0 13.38 175.86 189.24 NOTE
r-release-linux-x86_64 2.0.0 12.35 175.34 187.69 NOTE
r-release-macos-arm64 2.0.0 86.00 NOTE
r-release-macos-x86_64 2.0.0 158.00 NOTE
r-release-windows-x86_64 2.0.0 14.00 183.00 197.00 NOTE
r-oldrel-macos-arm64 2.0.0 75.00 OK
r-oldrel-macos-x86_64 2.0.0 143.00 OK
r-oldrel-windows-x86_64 2.0.0 18.00 245.00 263.00 OK

Check Details

Version: 2.0.0
Check: DESCRIPTION meta-information
Result: NOTE Missing dependency on R >= 4.1.0 because package code uses the pipe |> or function shorthand \(...) syntax added in R 4.1.0. File(s) using such syntax: ‘dht2.R’ Flavors: r-devel-linux-x86_64-debian-clang, r-devel-linux-x86_64-debian-gcc, r-devel-linux-x86_64-fedora-clang, r-devel-linux-x86_64-fedora-gcc, r-devel-windows-x86_64, r-patched-linux-x86_64, r-release-linux-x86_64, r-release-macos-arm64, r-release-macos-x86_64, r-release-windows-x86_64