CRAN Package Check Results for Package DoubleExpSeq

Last updated on 2025-04-29 06:49:40 CEST.

Flavor Version Tinstall Tcheck Ttotal Status Flags
r-devel-linux-x86_64-debian-clang 1.1 2.29 27.18 29.47 OK
r-devel-linux-x86_64-debian-gcc 1.1 1.74 21.78 23.52 NOTE
r-devel-linux-x86_64-fedora-clang 1.1 47.89 OK
r-devel-linux-x86_64-fedora-gcc 1.1 45.59 OK
r-devel-windows-x86_64 1.1 4.00 50.00 54.00 OK
r-patched-linux-x86_64 1.1 2.42 26.62 29.04 OK
r-release-linux-x86_64 1.1 2.33 26.50 28.83 OK
r-release-macos-arm64 1.1 19.00 OK
r-release-macos-x86_64 1.1 33.00 OK
r-release-windows-x86_64 1.1 3.00 51.00 54.00 OK
r-oldrel-macos-arm64 1.1 18.00 OK
r-oldrel-macos-x86_64 1.1 28.00 OK
r-oldrel-windows-x86_64 1.1 4.00 49.00 53.00 OK

Check Details

Version: 1.1
Check: CRAN incoming feasibility
Result: NOTE Maintainer: ‘Sean Ruddy <s.ruddy@yahoo.com>’ No Authors@R field in DESCRIPTION. Please add one, modifying Authors@R: person(given = "Sean", family = "Ruddy", role = c("aut", "cre"), email = "s.ruddy@yahoo.com") as necessary. Flavor: r-devel-linux-x86_64-debian-gcc