Last updated on 2025-11-12 19:51:47 CET.
| Flavor | Version | Tinstall | Tcheck | Ttotal | Status | Flags |
|---|---|---|---|---|---|---|
| r-devel-linux-x86_64-debian-clang | 0.1.0 | 7.61 | 70.93 | 78.54 | OK | |
| r-devel-linux-x86_64-debian-gcc | 0.1.0 | 5.94 | 52.00 | 57.94 | OK | |
| r-devel-linux-x86_64-fedora-clang | 0.1.0 | 19.00 | 100.63 | 119.63 | OK | |
| r-devel-linux-x86_64-fedora-gcc | 0.1.0 | 23.00 | 92.37 | 115.37 | OK | |
| r-devel-windows-x86_64 | 0.1.0 | 10.00 | 74.00 | 84.00 | OK | |
| r-patched-linux-x86_64 | 0.1.0 | 6.97 | 67.74 | 74.71 | OK | |
| r-release-linux-x86_64 | 0.1.0 | 6.30 | 67.07 | 73.37 | OK | |
| r-release-macos-arm64 | 0.1.0 | 6.00 | 33.00 | 39.00 | OK | |
| r-release-macos-x86_64 | 0.1.0 | 10.00 | 91.00 | 101.00 | OK | |
| r-release-windows-x86_64 | 0.1.0 | 11.00 | 74.00 | 85.00 | OK | |
| r-oldrel-macos-arm64 | 0.1.0 | 3.00 | 28.00 | 31.00 | NOTE | |
| r-oldrel-macos-x86_64 | 0.1.0 | 5.00 | 40.00 | 45.00 | NOTE | |
| r-oldrel-windows-x86_64 | 0.1.0 | 14.00 | 95.00 | 109.00 | NOTE |
Version: 0.1.0
Check: LazyData
Result: NOTE
'LazyData' is specified without a 'data' directory
Flavors: r-oldrel-macos-arm64, r-oldrel-macos-x86_64, r-oldrel-windows-x86_64