Last updated on 2025-02-22 19:50:45 CET.
Flavor | Version | Tinstall | Tcheck | Ttotal | Status | Flags |
---|---|---|---|---|---|---|
r-devel-linux-x86_64-debian-clang | 0.9.7 | 5.58 | 85.66 | 91.24 | NOTE | |
r-devel-linux-x86_64-debian-gcc | 0.9.7 | 4.32 | 54.27 | 58.59 | NOTE | |
r-devel-linux-x86_64-fedora-gcc | 0.9.7 | 133.33 | OK | |||
r-devel-macos-arm64 | 0.9.7 | 40.00 | OK | |||
r-devel-macos-x86_64 | 0.9.7 | 79.00 | OK | |||
r-devel-windows-x86_64 | 0.9.7 | 7.00 | 103.00 | 110.00 | NOTE | |
r-patched-linux-x86_64 | 0.9.7 | 10.65 | 77.97 | 88.62 | OK | |
r-release-linux-x86_64 | 0.9.7 | 6.03 | 78.32 | 84.35 | OK | |
r-release-macos-arm64 | 0.9.7 | 38.00 | OK | |||
r-release-macos-x86_64 | 0.9.7 | 61.00 | OK | |||
r-release-windows-x86_64 | 0.9.7 | 8.00 | 96.00 | 104.00 | OK | |
r-oldrel-macos-arm64 | 0.9.7 | 38.00 | OK | |||
r-oldrel-macos-x86_64 | 0.9.7 | 67.00 | OK | |||
r-oldrel-windows-x86_64 | 0.9.7 | 9.00 | 118.00 | 127.00 | OK |
Version: 0.9.7
Check: Rd cross-references
Result: NOTE
Found the following Rd file(s) with Rd \link{} targets missing package
anchors:
EMMA.Rd: rotations, nnls
GUI.Rd: runApp
test.robustness.Rd: rotations
Please provide package anchors for all Rd \link{} targets not in the
package itself and the base packages.
Flavors: r-devel-linux-x86_64-debian-clang, r-devel-linux-x86_64-debian-gcc, r-devel-windows-x86_64