CRAN Package Check Results for Package EstCRM

Last updated on 2025-07-17 06:49:31 CEST.

Flavor Version Tinstall Tcheck Ttotal Status Flags
r-devel-linux-x86_64-debian-clang 1.6 8.13 58.45 66.58 NOTE
r-devel-linux-x86_64-debian-gcc 1.6 4.55 42.85 47.40 NOTE
r-devel-linux-x86_64-fedora-clang 1.6 105.84 OK
r-devel-linux-x86_64-fedora-gcc 1.6 96.24 OK
r-devel-windows-x86_64 1.6 9.00 73.00 82.00 OK
r-patched-linux-x86_64 1.6 7.74 53.47 61.21 OK
r-release-linux-x86_64 1.6 7.71 53.80 61.51 OK
r-release-macos-arm64 1.6 29.00 OK
r-release-macos-x86_64 1.6 49.00 OK
r-release-windows-x86_64 1.6 10.00 71.00 81.00 OK
r-oldrel-macos-arm64 1.6 32.00 OK
r-oldrel-macos-x86_64 1.6 45.00 OK
r-oldrel-windows-x86_64 1.6 13.00 86.00 99.00 OK

Check Details

Version: 1.6
Check: CRAN incoming feasibility
Result: NOTE Maintainer: ‘Cengiz Zopluoglu <cen.zop@gmail.com>’ No Authors@R field in DESCRIPTION. Please add one, modifying Authors@R: person(given = "Cengiz", family = "Zopluoglu", role = c("aut", "cre"), email = "cen.zop@gmail.com") as necessary. Flavors: r-devel-linux-x86_64-debian-clang, r-devel-linux-x86_64-debian-gcc