Last updated on 2025-07-01 18:48:32 CEST.
Flavor | Version | Tinstall | Tcheck | Ttotal | Status | Flags |
---|---|---|---|---|---|---|
r-devel-linux-x86_64-debian-clang | 0.1.6 | 4.05 | 38.75 | 42.80 | NOTE | |
r-devel-linux-x86_64-debian-gcc | 0.1.6 | 2.70 | 30.23 | 32.93 | NOTE | |
r-devel-linux-x86_64-fedora-clang | 0.1.6 | 64.67 | OK | |||
r-devel-linux-x86_64-fedora-gcc | 0.1.6 | 76.95 | OK | |||
r-devel-windows-x86_64 | 0.1.6 | 6.00 | 61.00 | 67.00 | OK | |
r-patched-linux-x86_64 | NOTE | |||||
r-release-linux-x86_64 | 0.1.6 | 3.62 | 36.74 | 40.36 | NOTE | |
r-release-macos-arm64 | 0.1.6 | 41.00 | OK | |||
r-release-macos-x86_64 | 0.1.6 | 66.00 | OK | |||
r-release-windows-x86_64 | 0.1.6 | 6.00 | 61.00 | 67.00 | OK | |
r-oldrel-macos-arm64 | 0.1.6 | 29.00 | OK | |||
r-oldrel-macos-x86_64 | 0.1.6 | 42.00 | OK | |||
r-oldrel-windows-x86_64 | 0.1.6 | 7.00 | 70.00 | 77.00 | OK |
Version: 0.1.6
Check: for unstated dependencies in ‘demo’
Result: NOTE
'library' or 'require' call not declared from: ‘ggplot2’
Flavors: r-devel-linux-x86_64-debian-clang, r-devel-linux-x86_64-debian-gcc, r-patched-linux-x86_64, r-release-linux-x86_64