CRAN Package Check Results for Package FABInference

Last updated on 2025-04-15 18:48:40 CEST.

Flavor Version Tinstall Tcheck Ttotal Status Flags
r-devel-linux-x86_64-debian-clang 0.1 2.11 27.19 29.30 OK
r-devel-linux-x86_64-debian-gcc 0.1 1.70 19.76 21.46 OK
r-devel-linux-x86_64-fedora-clang 0.1 47.35 OK
r-devel-linux-x86_64-fedora-gcc 0.1 45.63 OK
r-devel-windows-x86_64 0.1 4.00 47.00 51.00 OK
r-patched-linux-x86_64 0.1 2.29 26.66 28.95 OK
r-release-linux-x86_64 0.1 2.23 26.62 28.85 OK
r-release-macos-arm64 0.1 17.00 OK
r-release-macos-x86_64 0.1 30.00 OK
r-release-windows-x86_64 0.1 4.00 47.00 51.00 OK
r-oldrel-macos-arm64 0.1 15.00 NOTE
r-oldrel-macos-x86_64 0.1 25.00 NOTE
r-oldrel-windows-x86_64 0.1 4.00 53.00 57.00 NOTE

Check Details

Version: 0.1
Check: LazyData
Result: NOTE 'LazyData' is specified without a 'data' directory Flavors: r-oldrel-macos-arm64, r-oldrel-macos-x86_64, r-oldrel-windows-x86_64