Last updated on 2025-11-21 06:50:36 CET.
| Flavor | Version | Tinstall | Tcheck | Ttotal | Status | Flags |
|---|---|---|---|---|---|---|
| r-devel-linux-x86_64-debian-clang | 3.2 | 14.80 | 142.20 | 157.00 | NOTE | |
| r-devel-linux-x86_64-debian-gcc | 3.2 | 9.82 | 91.88 | 101.70 | NOTE | |
| r-devel-linux-x86_64-fedora-clang | 3.2 | 35.00 | 220.57 | 255.57 | OK | |
| r-devel-linux-x86_64-fedora-gcc | 3.2 | 31.00 | 210.94 | 241.94 | OK | |
| r-devel-windows-x86_64 | 3.2 | 19.00 | 144.00 | 163.00 | OK | |
| r-patched-linux-x86_64 | 3.2 | 15.73 | 133.47 | 149.20 | OK | |
| r-release-linux-x86_64 | 3.2 | 14.43 | 135.41 | 149.84 | OK | |
| r-release-macos-arm64 | 3.2 | OK | ||||
| r-release-macos-x86_64 | 3.2 | 13.00 | 110.00 | 123.00 | OK | |
| r-release-windows-x86_64 | 3.2 | 16.00 | 140.00 | 156.00 | OK | |
| r-oldrel-macos-arm64 | 3.2 | OK | ||||
| r-oldrel-macos-x86_64 | 3.2 | 17.00 | 159.00 | 176.00 | OK | |
| r-oldrel-windows-x86_64 | 3.2 | 21.00 | 186.00 | 207.00 | OK |
Version: 3.2
Check: CRAN incoming feasibility
Result: NOTE
Maintainer: ‘Yun-Hee Choi <yun-hee.choi@schulich.uwo.ca>’
No Authors@R field in DESCRIPTION.
Please add one, modifying
Authors@R: c(person(given = "Yun-Hee",
family = "Choi",
role = c("aut", "cre"),
email = "yun-hee.choi@schulich.uwo.ca"),
person(given = "Karen",
family = "Kopciuk",
role = "aut"),
person(given = "Wenqing",
family = "He",
role = "aut"),
person(given = "Laurent",
family = "Briollais",
role = "aut"))
as necessary.
Flavors: r-devel-linux-x86_64-debian-clang, r-devel-linux-x86_64-debian-gcc