Last updated on 2025-11-12 07:50:49 CET.
| Flavor | Version | Tinstall | Tcheck | Ttotal | Status | Flags |
|---|---|---|---|---|---|---|
| r-devel-linux-x86_64-debian-clang | 2.5.1 | 11.06 | 89.50 | 100.56 | NOTE | |
| r-devel-linux-x86_64-debian-gcc | 2.5.1 | 7.83 | 60.91 | 68.74 | NOTE | |
| r-devel-linux-x86_64-fedora-clang | 2.5.1 | 22.00 | 124.24 | 146.24 | NOTE | |
| r-devel-linux-x86_64-fedora-gcc | 2.5.1 | 22.00 | 115.04 | 137.04 | NOTE | |
| r-devel-windows-x86_64 | 2.5.1 | 13.00 | 87.00 | 100.00 | NOTE | |
| r-patched-linux-x86_64 | 2.5.1 | 9.52 | 80.61 | 90.13 | OK | |
| r-release-linux-x86_64 | 2.5.1 | 8.18 | 81.69 | 89.87 | OK | |
| r-release-macos-arm64 | 2.5.1 | 5.00 | 38.00 | 43.00 | OK | |
| r-release-macos-x86_64 | 2.5.1 | 8.00 | 75.00 | 83.00 | OK | |
| r-release-windows-x86_64 | 2.5.1 | 12.00 | 85.00 | 97.00 | OK | |
| r-oldrel-macos-arm64 | 2.5.1 | 4.00 | 44.00 | 48.00 | OK | |
| r-oldrel-macos-x86_64 | 2.5.1 | 13.00 | 98.00 | 111.00 | OK | |
| r-oldrel-windows-x86_64 | 2.5.1 | 16.00 | 113.00 | 129.00 | OK |
Version: 2.5.1
Check: Rd files
Result: NOTE
checkRd: (-1) ForIT_DataBase.Rd:40: height/width attributes should be in pixels
Flavors: r-devel-linux-x86_64-debian-clang, r-devel-linux-x86_64-debian-gcc, r-devel-linux-x86_64-fedora-clang, r-devel-linux-x86_64-fedora-gcc, r-devel-windows-x86_64