Last updated on 2025-11-12 07:50:50 CET.
| Flavor | Version | Tinstall | Tcheck | Ttotal | Status | Flags |
|---|---|---|---|---|---|---|
| r-devel-linux-x86_64-debian-clang | 2.1.5 | 10.49 | 105.59 | 116.08 | NOTE | |
| r-devel-linux-x86_64-debian-gcc | 2.1.5 | 9.65 | 79.78 | 89.43 | NOTE | |
| r-devel-linux-x86_64-fedora-clang | 2.2 | 19.00 | 122.81 | 141.81 | OK | |
| r-devel-linux-x86_64-fedora-gcc | 2.2 | 14.00 | 122.68 | 136.68 | OK | |
| r-devel-windows-x86_64 | 2.1.5 | 13.00 | 96.00 | 109.00 | OK | |
| r-patched-linux-x86_64 | 2.1.5 | 11.22 | 100.00 | 111.22 | OK | |
| r-release-linux-x86_64 | 2.1.5 | 11.69 | 99.99 | 111.68 | OK | |
| r-release-macos-arm64 | 2.2 | 4.00 | 37.00 | 41.00 | OK | |
| r-release-macos-x86_64 | 2.2 | 9.00 | 81.00 | 90.00 | OK | |
| r-release-windows-x86_64 | 2.1.5 | 14.00 | 97.00 | 111.00 | OK | |
| r-oldrel-macos-arm64 | 2.2 | 4.00 | 39.00 | 43.00 | OK | |
| r-oldrel-macos-x86_64 | 2.2 | 10.00 | 105.00 | 115.00 | OK | |
| r-oldrel-windows-x86_64 | 2.2 | 15.00 | 115.00 | 130.00 | OK |
Version: 2.1.5
Check: CRAN incoming feasibility
Result: NOTE
Maintainer: ‘Regis K. Gallon <reg.gallon@gmail.com>’
No Authors@R field in DESCRIPTION.
Please add one, modifying
Authors@R: c(person(given = c("Regis", "K."),
family = "Gallon",
role = c("aut", "cre"),
email = "reg.gallon@gmail.com",
comment = "MNHN"),
person(given = "Jerome",
family = "Fournier",
role = "aut",
comment = c(ROR = "CNRS|MNHN")))
as necessary.
Package CITATION file contains call(s) to old-style personList() or
as.personList(). Please use c() on person objects instead.
Package CITATION file contains call(s) to old-style citEntry(). Please
use bibentry() instead.
Flavors: r-devel-linux-x86_64-debian-clang, r-devel-linux-x86_64-debian-gcc