Last updated on 2025-02-22 07:51:31 CET.
Flavor | Version | Tinstall | Tcheck | Ttotal | Status | Flags |
---|---|---|---|---|---|---|
r-devel-linux-x86_64-debian-clang | 1.5 | 0.69 | 1.90 | 2.59 | ERROR | |
r-devel-linux-x86_64-debian-gcc | 1.5 | 5.99 | 74.65 | 80.64 | OK | |
r-devel-linux-x86_64-fedora-clang | 1.5 | 184.30 | OK | |||
r-devel-linux-x86_64-fedora-gcc | 1.5 | 187.09 | OK | |||
r-devel-macos-arm64 | 1.5 | 64.00 | OK | |||
r-devel-macos-x86_64 | 1.5 | 118.00 | OK | |||
r-devel-windows-x86_64 | 1.5 | 12.00 | 109.00 | 121.00 | OK | |
r-patched-linux-x86_64 | 1.5 | 8.12 | 95.57 | 103.69 | OK | |
r-release-linux-x86_64 | 1.5 | 7.51 | 94.54 | 102.05 | OK | |
r-release-macos-arm64 | 1.5 | 58.00 | OK | |||
r-release-macos-x86_64 | 1.5 | 138.00 | NOTE | |||
r-release-windows-x86_64 | 1.5 | 11.00 | 110.00 | 121.00 | OK | |
r-oldrel-macos-arm64 | 1.5 | 75.00 | OK | |||
r-oldrel-macos-x86_64 | 1.5 | 205.00 | NOTE | |||
r-oldrel-windows-x86_64 | 1.5 | 12.00 | 133.00 | 145.00 | OK |
Version: 1.5
Check: package dependencies
Result: ERROR
Package required but not available: ‘rtracklayer’
See section ‘The DESCRIPTION file’ in the ‘Writing R Extensions’
manual.
Flavor: r-devel-linux-x86_64-debian-clang
Version: 1.5
Check: installed package size
Result: NOTE
installed size is 5.2Mb
sub-directories of 1Mb or more:
data 2.6Mb
doc 2.0Mb
Flavors: r-release-macos-x86_64, r-oldrel-macos-x86_64