Last updated on 2025-11-03 21:50:22 CET.
| Flavor | Version | Tinstall | Tcheck | Ttotal | Status | Flags | 
|---|---|---|---|---|---|---|
| r-devel-linux-x86_64-debian-clang | 1.1.6-2 | 2.11 | 31.22 | 33.33 | NOTE | |
| r-devel-linux-x86_64-debian-gcc | 1.1.6-2 | 1.90 | 21.70 | 23.60 | NOTE | |
| r-devel-linux-x86_64-fedora-clang | 1.1.6-2 | 44.85 | OK | |||
| r-devel-linux-x86_64-fedora-gcc | 1.1.6-2 | 43.76 | OK | |||
| r-devel-windows-x86_64 | 1.1.6-2 | 5.00 | 46.00 | 51.00 | OK | |
| r-patched-linux-x86_64 | 1.1.6-2 | 2.75 | 28.85 | 31.60 | OK | |
| r-release-linux-x86_64 | 1.1.6-2 | 2.50 | 28.67 | 31.17 | OK | |
| r-release-macos-arm64 | 1.1.6-2 | 1.00 | 17.00 | 18.00 | OK | |
| r-release-macos-x86_64 | 1.1.6-2 | 2.00 | 25.00 | 27.00 | OK | |
| r-release-windows-x86_64 | 1.1.6-2 | 4.00 | 45.00 | 49.00 | OK | |
| r-oldrel-macos-arm64 | 1.1.6-2 | 1.00 | 15.00 | 16.00 | OK | |
| r-oldrel-macos-x86_64 | 1.1.6-2 | 2.00 | 22.00 | 24.00 | OK | |
| r-oldrel-windows-x86_64 | 1.1.6-2 | 3.00 | 54.00 | 57.00 | OK | 
Version: 1.1.6-2
Check: CRAN incoming feasibility
Result: NOTE
  Maintainer: ‘Alex J. Cannon <alex.cannon@canada.ca>’
  
  Package CITATION file contains call(s) to old-style citEntry().  Please
  use bibentry() instead.
Flavors: r-devel-linux-x86_64-debian-clang, r-devel-linux-x86_64-debian-gcc