CRAN Package Check Results for Package GLMcat

Last updated on 2025-04-16 18:50:06 CEST.

Flavor Version Tinstall Tcheck Ttotal Status Flags
r-devel-linux-x86_64-debian-clang 0.2.7 124.31 102.23 226.54 OK
r-devel-linux-x86_64-debian-gcc 0.2.7 97.75 103.08 200.83 OK
r-devel-linux-x86_64-fedora-clang 0.2.7 374.94 OK
r-devel-linux-x86_64-fedora-gcc 0.2.7 445.63 OK
r-devel-windows-x86_64 0.2.7 128.00 185.00 313.00 OK
r-patched-linux-x86_64 0.2.7 140.33 112.42 252.75 OK
r-release-linux-x86_64 0.2.7 139.11 112.35 251.46 OK
r-release-macos-arm64 0.2.7 118.00 OK
r-release-macos-x86_64 0.2.7 172.00 OK
r-release-windows-x86_64 0.2.7 133.00 187.00 320.00 OK
r-oldrel-macos-arm64 0.2.7 96.00 NOTE
r-oldrel-macos-x86_64 0.2.7 152.00 NOTE
r-oldrel-windows-x86_64 0.2.7 154.00 206.00 360.00 OK

Check Details

Version: 0.2.7
Check: installed package size
Result: NOTE installed size is 25.1Mb sub-directories of 1Mb or more: libs 24.3Mb Flavors: r-oldrel-macos-arm64, r-oldrel-macos-x86_64