Last updated on 2025-11-12 07:50:51 CET.
| Flavor | Version | Tinstall | Tcheck | Ttotal | Status | Flags |
|---|---|---|---|---|---|---|
| r-devel-linux-x86_64-debian-clang | 1.4 | 22.77 | 169.29 | 192.06 | NOTE | |
| r-devel-linux-x86_64-debian-gcc | 1.4 | 14.61 | 117.06 | 131.67 | NOTE | |
| r-devel-linux-x86_64-fedora-clang | 1.4 | 50.00 | 255.01 | 305.01 | NOTE | |
| r-devel-linux-x86_64-fedora-gcc | 1.4 | 100.00 | 229.46 | 329.46 | NOTE | |
| r-devel-windows-x86_64 | 1.4 | 31.00 | 255.00 | 286.00 | NOTE | |
| r-patched-linux-x86_64 | 1.4 | 26.57 | 161.23 | 187.80 | NOTE | |
| r-release-linux-x86_64 | 1.4 | 24.81 | 160.34 | 185.15 | NOTE | |
| r-release-macos-arm64 | 1.4 | 10.00 | 114.00 | 124.00 | NOTE | |
| r-release-macos-x86_64 | 1.4 | 17.00 | 193.00 | 210.00 | NOTE | |
| r-release-windows-x86_64 | 1.4 | 31.00 | 253.00 | 284.00 | NOTE | |
| r-oldrel-macos-arm64 | 1.4 | 10.00 | 85.00 | 95.00 | NOTE | |
| r-oldrel-macos-x86_64 | 1.4 | 18.00 | 248.00 | 266.00 | NOTE | |
| r-oldrel-windows-x86_64 | 1.4 | 36.00 | 313.00 | 349.00 | NOTE |
Version: 1.4
Check: Rd files
Result: NOTE
checkRd: (-1) rtheta.Rd:50-76: Lost braces in \itemize; meant \describe ?
Flavors: r-devel-linux-x86_64-debian-clang, r-devel-linux-x86_64-debian-gcc, r-devel-linux-x86_64-fedora-clang, r-devel-linux-x86_64-fedora-gcc, r-devel-windows-x86_64, r-patched-linux-x86_64, r-release-linux-x86_64, r-release-macos-arm64, r-release-macos-x86_64, r-release-windows-x86_64, r-oldrel-macos-arm64, r-oldrel-macos-x86_64, r-oldrel-windows-x86_64