Last updated on 2025-02-22 07:51:32 CET.
Flavor | Version | Tinstall | Tcheck | Ttotal | Status | Flags |
---|---|---|---|---|---|---|
r-devel-linux-x86_64-debian-clang | 1.8 | 12.30 | 89.75 | 102.05 | OK | |
r-devel-linux-x86_64-debian-gcc | 1.8 | 6.64 | 64.91 | 71.55 | OK | |
r-devel-linux-x86_64-fedora-clang | 1.8 | 168.59 | OK | |||
r-devel-linux-x86_64-fedora-gcc | 1.8 | 155.18 | OK | |||
r-devel-macos-arm64 | 1.8 | 48.00 | OK | |||
r-devel-macos-x86_64 | 1.8 | 82.00 | OK | |||
r-devel-windows-x86_64 | 1.8 | 12.00 | 95.00 | 107.00 | OK | |
r-patched-linux-x86_64 | 1.8 | 11.29 | 82.93 | 94.22 | OK | |
r-release-linux-x86_64 | 1.8 | 11.76 | 82.09 | 93.85 | OK | |
r-release-macos-arm64 | 1.8 | 44.00 | OK | |||
r-release-macos-x86_64 | 1.8 | 103.00 | OK | |||
r-release-windows-x86_64 | 1.8 | 12.00 | 94.00 | 106.00 | OK | |
r-oldrel-macos-arm64 | 1.8 | 48.00 | OK | |||
r-oldrel-macos-x86_64 | 1.8 | 82.00 | NOTE | |||
r-oldrel-windows-x86_64 | 1.8 | 16.00 | 118.00 | 134.00 | OK |
Version: 1.8
Check: Rd cross-references
Result: NOTE
Package unavailable to check Rd xrefs: ‘caret’
Flavor: r-oldrel-macos-x86_64