Last updated on 2025-10-22 07:50:18 CEST.
Flavor | Version | Tinstall | Tcheck | Ttotal | Status | Flags |
---|---|---|---|---|---|---|
r-devel-linux-x86_64-debian-clang | 1.1.2 | 88.46 | 208.89 | 297.35 | NOTE | |
r-devel-linux-x86_64-debian-gcc | 1.1.2 | 60.71 | 132.38 | 193.09 | NOTE | |
r-devel-linux-x86_64-fedora-clang | 1.1.2 | 421.00 | 109.81 | 530.81 | OK | |
r-devel-linux-x86_64-fedora-gcc | 1.1.2 | 295.00 | 180.04 | 475.04 | OK | |
r-devel-windows-x86_64 | 1.1.2 | 95.00 | 200.00 | 295.00 | OK | |
r-patched-linux-x86_64 | 1.1.2 | 82.76 | 197.56 | 280.32 | OK | |
r-release-linux-x86_64 | 1.1.2 | 82.02 | 195.11 | 277.13 | OK | |
r-release-macos-arm64 | 1.1.2 | 35.00 | 77.00 | 112.00 | OK | |
r-release-macos-x86_64 | 1.1.2 | 71.00 | 229.00 | 300.00 | OK | |
r-release-windows-x86_64 | 1.1.2 | 91.00 | 203.00 | 294.00 | OK | |
r-oldrel-macos-arm64 | 1.1.2 | 38.00 | 105.00 | 143.00 | NOTE | |
r-oldrel-macos-x86_64 | 1.1.2 | 71.00 | 233.00 | 304.00 | NOTE | |
r-oldrel-windows-x86_64 | 1.1.2 | 118.00 | 278.00 | 396.00 | OK |
Version: 1.1.2
Check: HTML version of manual
Result: NOTE
Found the following HTML validation problems:
run_mcmc.html:168:1 (run_mcmc.Rd:84): Warning: missing </ul> before </div>
Flavors: r-devel-linux-x86_64-debian-clang, r-devel-linux-x86_64-debian-gcc
Version: 1.1.2
Check: installed package size
Result: NOTE
installed size is 6.8Mb
sub-directories of 1Mb or more:
libs 5.7Mb
Flavors: r-oldrel-macos-arm64, r-oldrel-macos-x86_64