Last updated on 2025-11-03 21:50:23 CET.
| Flavor | Version | Tinstall | Tcheck | Ttotal | Status | Flags | 
|---|---|---|---|---|---|---|
| r-devel-linux-x86_64-debian-clang | 1.0.0 | 28.77 | 68.10 | 96.87 | OK | |
| r-devel-linux-x86_64-debian-gcc | 1.0.0 | 22.02 | 52.94 | 74.96 | OK | |
| r-devel-linux-x86_64-fedora-clang | 1.0.0 | 69.00 | 78.92 | 147.92 | OK | |
| r-devel-linux-x86_64-fedora-gcc | 1.0.0 | 74.00 | 78.61 | 152.61 | OK | |
| r-devel-windows-x86_64 | 1.0.0 | 34.00 | 87.00 | 121.00 | OK | |
| r-patched-linux-x86_64 | 1.0.0 | 30.21 | 64.76 | 94.97 | OK | |
| r-release-linux-x86_64 | 1.0.0 | 29.34 | 65.02 | 94.36 | OK | |
| r-release-macos-arm64 | 1.0.0 | 14.00 | 35.00 | 49.00 | OK | |
| r-release-macos-x86_64 | 1.0.0 | 26.00 | 75.00 | 101.00 | OK | |
| r-release-windows-x86_64 | 1.0.0 | 31.00 | 87.00 | 118.00 | OK | |
| r-oldrel-macos-arm64 | 1.0.0 | 13.00 | 33.00 | 46.00 | NOTE | |
| r-oldrel-macos-x86_64 | 1.0.0 | 18.00 | 65.00 | 83.00 | NOTE | |
| r-oldrel-windows-x86_64 | 1.0.0 | 38.00 | 115.00 | 153.00 | NOTE | 
Version: 1.0.0
Check: installed package size
Result: NOTE
    installed size is 12.7Mb
    sub-directories of 1Mb or more:
      extdata   4.5Mb
      libs      8.1Mb
Flavors: r-oldrel-macos-arm64, r-oldrel-macos-x86_64, r-oldrel-windows-x86_64