CRAN Package Check Results for Package GUIProfiler

Last updated on 2025-02-21 19:50:28 CET.

Flavor Version Tinstall Tcheck Ttotal Status Flags
r-devel-linux-x86_64-debian-clang 2.0.1 3.78 42.44 46.22 NOTE
r-devel-linux-x86_64-debian-gcc 2.0.1 0.30 1.69 1.99 ERROR
r-devel-linux-x86_64-fedora-clang 2.0.1 78.21 NOTE
r-devel-linux-x86_64-fedora-gcc 2.0.1 77.78 NOTE
r-devel-macos-arm64 2.0.1 34.00 OK
r-devel-macos-x86_64 2.0.1 50.00 OK
r-devel-windows-x86_64 2.0.1 4.00 73.00 77.00 OK
r-patched-linux-x86_64 2.0.1 3.50 43.01 46.51 NOTE
r-release-linux-x86_64 2.0.1 3.52 42.98 46.50 NOTE
r-release-macos-arm64 2.0.1 30.00 OK
r-release-macos-x86_64 2.0.1 41.00 OK
r-release-windows-x86_64 2.0.1 5.00 62.00 67.00 OK
r-oldrel-macos-arm64 2.0.1 31.00 OK
r-oldrel-macos-x86_64 2.0.1 44.00 OK
r-oldrel-windows-x86_64 2.0.1 7.00 74.00 81.00 OK

Check Details

Version: 2.0.1
Check: for non-standard things in the check directory
Result: NOTE Found the following files/directories: ‘RRprof.out’ Flavors: r-devel-linux-x86_64-debian-clang, r-devel-linux-x86_64-fedora-clang, r-devel-linux-x86_64-fedora-gcc, r-patched-linux-x86_64, r-release-linux-x86_64

Version: 2.0.1
Check: package dependencies
Result: ERROR Package required but not available: ‘Rgraphviz’ See section ‘The DESCRIPTION file’ in the ‘Writing R Extensions’ manual. Flavor: r-devel-linux-x86_64-debian-gcc