Last updated on 2025-11-11 07:51:32 CET.
| Flavor | Version | Tinstall | Tcheck | Ttotal | Status | Flags |
|---|---|---|---|---|---|---|
| r-devel-linux-x86_64-debian-clang | 1.4.9 | 31.34 | 221.40 | 252.74 | NOTE | |
| r-devel-linux-x86_64-debian-gcc | 1.4.9 | 20.22 | 153.14 | 173.36 | NOTE | |
| r-devel-linux-x86_64-fedora-clang | 1.4.9 | 121.00 | 298.31 | 419.31 | NOTE | |
| r-devel-linux-x86_64-fedora-gcc | 1.4.9 | 66.00 | 331.29 | 397.29 | NOTE | |
| r-devel-windows-x86_64 | 1.4.9 | 36.00 | 248.00 | 284.00 | NOTE | |
| r-patched-linux-x86_64 | 1.4.9 | 30.14 | 216.60 | 246.74 | NOTE | |
| r-release-linux-x86_64 | 1.4.9 | 28.69 | 214.60 | 243.29 | NOTE | |
| r-release-macos-arm64 | 1.4.9 | 19.00 | 139.00 | 158.00 | NOTE | |
| r-release-macos-x86_64 | 1.4.9 | 26.00 | 194.00 | 220.00 | NOTE | |
| r-release-windows-x86_64 | 1.4.9 | 36.00 | 256.00 | 292.00 | NOTE | |
| r-oldrel-macos-arm64 | 1.4.9 | 13.00 | 92.00 | 105.00 | NOTE | |
| r-oldrel-macos-x86_64 | 1.4.9 | 20.00 | 161.00 | 181.00 | NOTE | |
| r-oldrel-windows-x86_64 | 1.4.9 | 47.00 | 324.00 | 371.00 | NOTE |
Version: 1.4.9
Check: Rd files
Result: NOTE
checkRd: (-1) cpm.Rd:70: Lost braces; missing escapes or markup?
70 | covariates included in \code{formula_l} or {formula_s} (required).}
| ^
Flavors: r-devel-linux-x86_64-debian-clang, r-devel-linux-x86_64-debian-gcc, r-devel-linux-x86_64-fedora-clang, r-devel-linux-x86_64-fedora-gcc, r-devel-windows-x86_64, r-patched-linux-x86_64, r-release-linux-x86_64, r-release-macos-arm64, r-release-macos-x86_64, r-release-windows-x86_64, r-oldrel-macos-arm64, r-oldrel-macos-x86_64, r-oldrel-windows-x86_64