Last updated on 2025-02-21 06:49:41 CET.
Flavor | Version | Tinstall | Tcheck | Ttotal | Status | Flags |
---|---|---|---|---|---|---|
r-devel-linux-x86_64-debian-clang | 2.0.0 | 86.12 | 50.06 | 136.18 | OK | |
r-devel-linux-x86_64-debian-gcc | 2.0.0 | 77.08 | 37.02 | 114.10 | OK | |
r-devel-linux-x86_64-fedora-clang | 2.0.0 | 205.28 | OK | |||
r-devel-linux-x86_64-fedora-gcc | 2.0.0 | 277.48 | OK | |||
r-devel-macos-arm64 | 2.0.0 | 58.00 | OK | |||
r-devel-macos-x86_64 | 2.0.0 | 131.00 | OK | |||
r-devel-windows-x86_64 | 2.0.0 | 78.00 | 96.00 | 174.00 | OK | |
r-patched-linux-x86_64 | 2.0.0 | 106.61 | 51.27 | 157.88 | OK | |
r-release-linux-x86_64 | 2.0.0 | 107.64 | 50.34 | 157.98 | OK | |
r-release-macos-arm64 | 2.0.0 | 61.00 | NOTE | |||
r-release-macos-x86_64 | 2.0.0 | 104.00 | NOTE | |||
r-release-windows-x86_64 | 2.0.0 | 82.00 | 90.00 | 172.00 | NOTE | |
r-oldrel-macos-arm64 | 2.0.0 | 59.00 | NOTE | |||
r-oldrel-macos-x86_64 | 2.0.0 | 137.00 | NOTE | |||
r-oldrel-windows-x86_64 | 2.0.0 | 105.00 | 111.00 | 216.00 | NOTE |
Version: 2.0.0
Check: installed package size
Result: NOTE
installed size is 46.8Mb
sub-directories of 1Mb or more:
libs 46.1Mb
Flavors: r-release-macos-arm64, r-release-macos-x86_64, r-release-windows-x86_64, r-oldrel-macos-arm64, r-oldrel-macos-x86_64, r-oldrel-windows-x86_64