Last updated on 2025-11-12 19:51:50 CET.
| Flavor | Version | Tinstall | Tcheck | Ttotal | Status | Flags |
|---|---|---|---|---|---|---|
| r-devel-linux-x86_64-debian-clang | 1.0.2 | 59.78 | 55.00 | 114.78 | OK | |
| r-devel-linux-x86_64-debian-gcc | 1.0.2 | 41.30 | 42.46 | 83.76 | OK | |
| r-devel-linux-x86_64-fedora-clang | 1.0.2 | 63.00 | 144.19 | 207.19 | OK | |
| r-devel-linux-x86_64-fedora-gcc | 1.0.2 | 68.00 | 140.99 | 208.99 | OK | |
| r-devel-windows-x86_64 | 1.0.2 | 80.00 | 106.00 | 186.00 | OK | |
| r-patched-linux-x86_64 | 1.0.2 | 62.69 | 54.98 | 117.67 | OK | |
| r-release-linux-x86_64 | 1.0.2 | 64.33 | 54.86 | 119.19 | OK | |
| r-release-macos-arm64 | 1.0.2 | 29.00 | 45.00 | 74.00 | OK | |
| r-release-macos-x86_64 | 1.0.2 | 45.00 | 146.00 | 191.00 | OK | |
| r-release-windows-x86_64 | 1.0.2 | 79.00 | 108.00 | 187.00 | OK | |
| r-oldrel-macos-arm64 | 1.0.2 | 38.00 | 48.00 | 86.00 | NOTE | |
| r-oldrel-macos-x86_64 | 1.0.2 | 34.00 | 140.00 | 174.00 | NOTE | |
| r-oldrel-windows-x86_64 | 1.0.2 | 94.00 | 122.00 | 216.00 | OK |
Version: 1.0.2
Check: installed package size
Result: NOTE
installed size is 7.0Mb
sub-directories of 1Mb or more:
libs 6.5Mb
Flavors: r-oldrel-macos-arm64, r-oldrel-macos-x86_64