Last updated on 2025-02-22 07:51:32 CET.
Flavor | Version | Tinstall | Tcheck | Ttotal | Status | Flags |
---|---|---|---|---|---|---|
r-devel-linux-x86_64-debian-clang | 1.0 | 8.93 | 100.58 | 109.51 | OK | |
r-devel-linux-x86_64-debian-gcc | 1.0 | 6.46 | 72.18 | 78.64 | OK | |
r-devel-linux-x86_64-fedora-clang | 1.0 | 178.50 | OK | |||
r-devel-linux-x86_64-fedora-gcc | 1.0 | 185.88 | OK | |||
r-devel-macos-arm64 | 1.0 | 53.00 | OK | |||
r-devel-macos-x86_64 | 1.0 | 117.00 | OK | |||
r-devel-windows-x86_64 | 1.0 | 10.00 | 111.00 | 121.00 | OK | |
r-patched-linux-x86_64 | 1.0 | 8.26 | 95.10 | 103.36 | OK | |
r-release-linux-x86_64 | 1.0 | 8.88 | 95.21 | 104.09 | OK | |
r-release-macos-arm64 | 1.0 | 53.00 | OK | |||
r-release-macos-x86_64 | 1.0 | 85.00 | OK | |||
r-release-windows-x86_64 | 1.0 | 11.00 | 106.00 | 117.00 | NOTE | |
r-oldrel-macos-arm64 | 1.0 | 62.00 | OK | |||
r-oldrel-macos-x86_64 | 1.0 | 95.00 | OK | |||
r-oldrel-windows-x86_64 | 1.0 | 13.00 | 133.00 | 146.00 | NOTE |
Version: 1.0
Check: package dependencies
Result: NOTE
Package suggested but not available for checking: 'doMC'
Flavors: r-release-windows-x86_64, r-oldrel-windows-x86_64