Last updated on 2024-06-04 18:47:50 CEST.
Flavor | Version | Tinstall | Tcheck | Ttotal | Status | Flags |
---|---|---|---|---|---|---|
r-devel-linux-x86_64-debian-clang | 1.0.0 | 62.44 | 101.43 | 163.87 | OK | |
r-devel-linux-x86_64-debian-gcc | 1.0.0 | 41.35 | 73.89 | 115.24 | OK | |
r-devel-linux-x86_64-fedora-clang | 1.0.0 | 212.20 | NOTE | |||
r-devel-linux-x86_64-fedora-gcc | 1.0.0 | 206.98 | OK | |||
r-devel-windows-x86_64 | 1.0.0 | 46.00 | 113.00 | 159.00 | NOTE | |
r-patched-linux-x86_64 | 1.0.0 | 50.66 | 96.52 | 147.18 | OK | |
r-release-linux-x86_64 | 1.0.0 | 37.39 | 94.48 | 131.87 | OK | |
r-release-macos-arm64 | 1.0.0 | 55.00 | NOTE | |||
r-release-macos-x86_64 | 1.0.0 | 144.00 | NOTE | |||
r-release-windows-x86_64 | 1.0.0 | 46.00 | 111.00 | 157.00 | NOTE | |
r-oldrel-macos-arm64 | 1.0.0 | 57.00 | NOTE | |||
r-oldrel-macos-x86_64 | 1.0.0 | 124.00 | NOTE | |||
r-oldrel-windows-x86_64 | 1.0.0 | 58.00 | 142.00 | 200.00 | NOTE |
Version: 1.0.0
Check: installed package size
Result: NOTE
installed size is 5.5Mb
sub-directories of 1Mb or more:
data 4.7Mb
Flavors: r-devel-linux-x86_64-fedora-clang, r-devel-windows-x86_64, r-release-macos-arm64, r-release-macos-x86_64, r-release-windows-x86_64, r-oldrel-macos-arm64, r-oldrel-macos-x86_64, r-oldrel-windows-x86_64