Last updated on 2025-02-22 07:51:33 CET.
Flavor | Version | Tinstall | Tcheck | Ttotal | Status | Flags |
---|---|---|---|---|---|---|
r-devel-linux-x86_64-debian-clang | 2.0.11 | 3.69 | 45.61 | 49.30 | OK | |
r-devel-linux-x86_64-debian-gcc | 2.0.11 | 3.64 | 32.99 | 36.63 | OK | |
r-devel-linux-x86_64-fedora-clang | 2.0.11 | 86.56 | OK | |||
r-devel-linux-x86_64-fedora-gcc | 2.0.11 | 96.39 | OK | |||
r-devel-macos-arm64 | 2.0.11 | 29.00 | OK | |||
r-devel-macos-x86_64 | 2.0.11 | 58.00 | OK | |||
r-devel-windows-x86_64 | 2.0.11 | 5.00 | 76.00 | 81.00 | OK | |
r-patched-linux-x86_64 | 2.0.11 | 5.87 | 43.01 | 48.88 | OK | |
r-release-linux-x86_64 | 2.0.11 | 5.51 | 42.62 | 48.13 | OK | |
r-release-macos-arm64 | 2.0.11 | 28.00 | OK | |||
r-release-macos-x86_64 | 2.0.11 | 52.00 | OK | |||
r-release-windows-x86_64 | 2.0.11 | 6.00 | 70.00 | 76.00 | OK | |
r-oldrel-macos-arm64 | 2.0.11 | 41.00 | NOTE | |||
r-oldrel-macos-x86_64 | 2.0.11 | 92.00 | NOTE | |||
r-oldrel-windows-x86_64 | 2.0.11 | 5.00 | 74.00 | 79.00 | OK |
Version: 2.0.11
Check: package dependencies
Result: NOTE
Package suggested but not available for checking: ‘HTSFilter’
Flavors: r-oldrel-macos-arm64, r-oldrel-macos-x86_64