Last updated on 2025-02-22 07:51:33 CET.
Flavor | Version | Tinstall | Tcheck | Ttotal | Status | Flags |
---|---|---|---|---|---|---|
r-devel-linux-x86_64-debian-clang | 25.2.2 | 16.83 | 181.28 | 198.11 | OK | |
r-devel-linux-x86_64-debian-gcc | 25.2.2 | 12.51 | 119.96 | 132.47 | OK | |
r-devel-linux-x86_64-fedora-clang | 25.2.2 | 324.21 | OK | |||
r-devel-linux-x86_64-fedora-gcc | 25.2.2 | 314.67 | OK | |||
r-devel-macos-arm64 | 25.2.2 | 78.00 | OK | |||
r-devel-macos-x86_64 | 25.2.2 | 231.00 | OK | |||
r-devel-windows-x86_64 | 25.2.2 | 17.00 | 167.00 | 184.00 | OK | |
r-patched-linux-x86_64 | 25.2.2 | 15.26 | 165.21 | 180.47 | OK | |
r-release-linux-x86_64 | 25.2.2 | 17.27 | 167.49 | 184.76 | OK | |
r-release-macos-arm64 | 25.2.2 | 95.00 | OK | |||
r-release-macos-x86_64 | 25.2.2 | 204.00 | OK | |||
r-release-windows-x86_64 | 25.2.2 | 18.00 | 167.00 | 185.00 | OK | |
r-oldrel-macos-arm64 | 24.9.1 | 78.00 | OK | |||
r-oldrel-macos-x86_64 | 25.2.2 | 162.00 | NOTE | |||
r-oldrel-windows-x86_64 | 25.2.2 | 24.00 | 216.00 | 240.00 | NOTE |
Version: 25.2.2
Check: R code for possible problems
Result: NOTE
plotHVT: no visible global function definition for ‘%||%’
Undefined global functions or variables:
%||%
Flavors: r-oldrel-macos-x86_64, r-oldrel-windows-x86_64