Last updated on 2025-11-12 07:50:52 CET.
| Flavor | Version | Tinstall | Tcheck | Ttotal | Status | Flags |
|---|---|---|---|---|---|---|
| r-devel-linux-x86_64-debian-clang | 0.90.0 | 5.91 | 53.49 | 59.40 | NOTE | |
| r-devel-linux-x86_64-debian-gcc | 0.90.0 | 3.94 | 38.15 | 42.09 | NOTE | |
| r-devel-linux-x86_64-fedora-clang | 0.90.0 | 11.00 | 85.38 | 96.38 | OK | |
| r-devel-linux-x86_64-fedora-gcc | 0.90.0 | 13.00 | 74.63 | 87.63 | OK | |
| r-devel-windows-x86_64 | 0.90.0 | 8.00 | 67.00 | 75.00 | OK | |
| r-patched-linux-x86_64 | 0.90.0 | 5.61 | 50.53 | 56.14 | OK | |
| r-release-linux-x86_64 | 0.90.0 | 4.71 | 50.51 | 55.22 | OK | |
| r-release-macos-arm64 | 0.90.0 | 3.00 | 31.00 | 34.00 | OK | |
| r-release-macos-x86_64 | 0.90.0 | 5.00 | 48.00 | 53.00 | OK | |
| r-release-windows-x86_64 | 0.90.0 | 8.00 | 63.00 | 71.00 | OK | |
| r-oldrel-macos-arm64 | 0.90.0 | 3.00 | 30.00 | 33.00 | OK | |
| r-oldrel-macos-x86_64 | 0.90.0 | 4.00 | 47.00 | 51.00 | OK | |
| r-oldrel-windows-x86_64 | 0.90.0 | 10.00 | 80.00 | 90.00 | OK |
Version: 0.90.0
Check: CRAN incoming feasibility
Result: NOTE
Maintainer: ‘Konrad Krahl <Beratung@Hanseatic-Statistics.de>’
The BugReports field in DESCRIPTION has
https://github.com/KonradKrahl/HanStat
which should likely be
https://github.com/KonradKrahl/HanStat/issues
instead.
Flavors: r-devel-linux-x86_64-debian-clang, r-devel-linux-x86_64-debian-gcc